--
-- Host: localhost    Database: broadcaster
-- ------------------------------------------------------


--
-- Table structure for table `book`
--

CREATE TABLE `book` (
  `id` bigint(20) unsigned NOT NULL AUTO_INCREMENT,
  `deal_id` int(11) NOT NULL,
  `buyer_id` int(11) NOT NULL,
  `buyer_website` varchar(255) COLLATE utf8mb4_unicode_ci NOT NULL,
  `anchor_text` varchar(255) COLLATE utf8mb4_unicode_ci NOT NULL,
  `seller_id` int(11) NOT NULL,
  `is_cbd` varchar(255) COLLATE utf8mb4_unicode_ci NOT NULL DEFAULT 'No',
  `is_content` varchar(255) COLLATE utf8mb4_unicode_ci NOT NULL DEFAULT 'No',
  `post` longtext COLLATE utf8mb4_unicode_ci,
  `price` int(11) NOT NULL,
  `status` varchar(255) COLLATE utf8mb4_unicode_ci NOT NULL DEFAULT 'BOOKED',
  `created_at` timestamp NULL DEFAULT NULL,
  `updated_at` timestamp NULL DEFAULT NULL,
  `deleted_at` timestamp NULL DEFAULT NULL,
  PRIMARY KEY (`id`)
) ENGINE=InnoDB AUTO_INCREMENT=14 DEFAULT CHARSET=utf8mb4 COLLATE=utf8mb4_unicode_ci;

--
-- Dumping data for table `book`
--

INSERT INTO `book` VALUES (1,2,2,'https://startuptalky.com/','',6,'No','Yes','<p>dsfsd</p>',70,'BOOKED','2020-12-22 09:08:02','2020-12-22 09:08:02',NULL),(2,1,2,'https://startuptalky.com/','',2,'No','Yes',NULL,104,'https://mail.google.com/mail/u/4/?q=Kathy#inbox','2020-12-22 14:38:44','2020-12-22 14:40:02',NULL),(3,1,2,'https://startuptalky.com/','',2,'Yes','Yes',NULL,5436,'BOOKED','2020-12-22 19:45:34','2020-12-22 19:45:34',NULL),(4,16,2,'https://startuptalky.com/','',6,'No','Yes','<p>dfsdfdsfsdfdsf</p>\r\n\r\n<p>dsf</p>\r\n\r\n<p>ds</p>\r\n\r\n<p>fds</p>\r\n\r\n<p>f</p>\r\n\r\n<p>dsf</p>\r\n\r\n<p>dsf</p>\r\n\r\n<p>sdf</p>\r\n\r\n<p>sdfdsfdsf</p>',60,'BOOKED','2020-12-23 06:53:19','2020-12-23 06:53:19',NULL),(5,2,2,'https://startuptalky.com/','',6,'No','Yes',NULL,70,'BOOKED','2020-12-23 18:04:09','2020-12-23 18:04:09',NULL),(6,8,2,'https://startuptalky.com/','',6,'No','Yes',NULL,130,'BOOKED','2020-12-24 08:34:35','2020-12-24 08:34:35',NULL),(7,26,2,'https://startuptalky.com/','',6,'No','Yes',NULL,90,'https://mail.google.com/mail/u/4/?q=Kathy#inbox','2020-12-26 14:43:24','2021-01-30 15:45:09',NULL),(8,33,2,'https://startuptalky.com/','',6,'No','Yes',NULL,150,'BOOKED','2020-12-29 07:16:19','2020-12-29 07:16:19',NULL),(9,26,2,'https://startuptalky.com/','',6,'No','Yes',NULL,90,'https://mail.google.com/mail/u/4/?q=Kathy#inbox','2021-01-02 11:40:36','2021-01-30 15:45:15',NULL),(10,2,11,'https:/abc.com','abc',6,'No','Yes','',70,'BOOKED','2021-07-01 14:17:01','2021-07-01 14:17:01',NULL),(11,8,11,'https://startuptalky.com','business ideas',6,'No','Yes','',130,'BOOKED','2021-07-05 14:40:18','2021-07-05 14:40:18',NULL),(12,109,12,'https://startuptalky.com','business ideas',11,'No','Yes','',110,'https://www.insightssuccess.com/7-tips-on-improving-customer-support-for-small-businesses/','2021-07-05 15:04:09','2021-07-05 15:09:30',NULL),(13,8,6,'https://st.com','fsfsdf',6,'No','No','<p>fsdfdsfsdf</p>\r\n',120,'BOOKED','2021-07-05 15:08:39','2021-07-05 15:08:39',NULL);

--
-- Table structure for table `cart`
--

CREATE TABLE `cart` (
  `id` bigint(20) unsigned NOT NULL AUTO_INCREMENT,
  `buyer_id` int(11) NOT NULL,
  `deal_id` int(11) NOT NULL,
  `created_at` timestamp NULL DEFAULT NULL,
  `updated_at` timestamp NULL DEFAULT NULL,
  PRIMARY KEY (`id`)
) ENGINE=InnoDB AUTO_INCREMENT=32 DEFAULT CHARSET=utf8mb4 COLLATE=utf8mb4_unicode_ci;

--
-- Dumping data for table `cart`
--

INSERT INTO `cart` VALUES (7,2,8,'2021-01-27 09:26:45','2021-01-27 09:26:45'),(13,2,4,'2021-01-29 14:10:10','2021-01-29 14:10:10'),(14,7,8,'2021-02-06 09:22:06','2021-02-06 09:22:06'),(15,4,8,'2021-06-30 18:06:11','2021-06-30 18:06:11'),(16,4,8,'2021-06-30 18:06:16','2021-06-30 18:06:16'),(17,4,2,'2021-06-30 18:06:17','2021-06-30 18:06:17'),(18,4,4,'2021-06-30 18:06:18','2021-06-30 18:06:18'),(23,6,8,'2021-07-05 15:10:43','2021-07-05 15:10:43'),(24,6,9,'2021-07-06 10:04:58','2021-07-06 10:04:58'),(25,6,2,'2021-07-06 10:24:44','2021-07-06 10:24:44'),(26,6,1,'2021-07-08 09:51:21','2021-07-08 09:51:21'),(27,12,8,'2021-07-11 18:26:18','2021-07-11 18:26:18'),(28,11,8,'2021-07-11 18:33:15','2021-07-11 18:33:15'),(29,12,8,'2021-07-12 08:35:35','2021-07-12 08:35:35'),(30,6,8,'2021-07-12 20:02:31','2021-07-12 20:02:31'),(31,6,109,'2021-07-15 06:58:32','2021-07-15 06:58:32');

--
-- Table structure for table `category`
--

CREATE TABLE `category` (
  `id` bigint(20) unsigned NOT NULL AUTO_INCREMENT,
  `name` varchar(255) COLLATE utf8mb4_unicode_ci NOT NULL,
  `created_at` timestamp NULL DEFAULT NULL,
  `updated_at` timestamp NULL DEFAULT NULL,
  `deleted_at` timestamp NULL DEFAULT NULL,
  PRIMARY KEY (`id`),
  UNIQUE KEY `category_name_unique` (`name`)
) ENGINE=InnoDB AUTO_INCREMENT=22 DEFAULT CHARSET=utf8mb4 COLLATE=utf8mb4_unicode_ci;

--
-- Dumping data for table `category`
--

INSERT INTO `category` VALUES (1,'Automotive','2020-12-20 04:57:16','2020-12-20 04:57:16',NULL),(2,'Business and Finance','2020-12-20 04:57:16','2020-12-20 04:57:16',NULL),(3,'Cryptocurrency','2020-12-20 04:57:16','2020-12-20 04:57:16',NULL),(4,'Education','2020-12-20 04:57:16','2020-12-20 04:57:16',NULL),(5,'Family and Parenting','2020-12-20 04:57:16','2020-12-20 04:57:16',NULL),(6,'Food and Drink','2020-12-20 04:57:16','2020-12-20 04:57:16',NULL),(7,'Gaming','2020-12-20 04:57:16','2020-12-20 04:57:16',NULL),(8,'General: Multi-Niche','2020-12-20 04:57:16','2020-12-20 04:57:16',NULL),(9,'Government and Politics','2020-12-20 04:57:16','2020-12-20 04:57:16',NULL),(10,'Health','2020-12-20 04:57:16','2020-12-20 04:57:16',NULL),(11,'Home and Architecture','2020-12-20 04:57:16','2020-12-20 04:57:16',NULL),(12,'Pets','2020-12-20 04:57:16','2020-12-20 04:57:16',NULL),(13,'Podcasts','2020-12-20 04:57:16','2020-12-20 04:57:16',NULL),(14,'Premium Websites','2020-12-20 04:57:16','2020-12-20 04:57:16',NULL),(15,'SEO and Digital Marketing','2020-12-20 04:57:16','2020-12-20 04:57:16',NULL),(16,'Technology','2020-12-20 04:57:16','2020-12-20 04:57:16',NULL),(17,'Travel','2020-12-20 04:57:16','2020-12-20 04:57:16',NULL),(18,'Visual Arts and Design','2020-12-20 04:57:16','2020-12-20 04:57:16',NULL),(19,'Web Design and Development','2020-12-20 04:57:16','2020-12-20 04:57:16',NULL),(20,'Weddings','2020-12-20 04:57:16','2020-12-20 04:57:16',NULL),(21,'SaaS','2021-07-21 18:31:38','2021-07-21 18:31:38',NULL);

--
-- Table structure for table `client_list`
--

CREATE TABLE `client_list` (
  `id` bigint(20) unsigned NOT NULL AUTO_INCREMENT,
  `client_id` bigint(20) NOT NULL,
  `website_id` bigint(20) NOT NULL,
  `created_at` timestamp NULL DEFAULT NULL,
  `updated_at` timestamp NULL DEFAULT NULL,
  PRIMARY KEY (`id`)
) ENGINE=InnoDB AUTO_INCREMENT=40 DEFAULT CHARSET=utf8mb4 COLLATE=utf8mb4_unicode_ci;

--
-- Dumping data for table `client_list`
--

INSERT INTO `client_list` VALUES (8,1,1,'2021-01-28 13:44:06','2021-01-28 13:44:06'),(10,3,62,'2021-01-30 17:39:59','2021-01-30 17:39:59'),(11,3,65,'2021-01-30 17:39:59','2021-01-30 17:39:59'),(12,3,5,'2021-01-30 17:39:59','2021-01-30 17:39:59'),(13,3,16,'2021-01-30 17:39:59','2021-01-30 17:39:59'),(14,4,33,'2021-02-02 19:02:32','2021-02-02 19:02:32'),(15,5,22,'2021-02-02 19:13:13','2021-02-02 19:13:13'),(16,5,24,'2021-02-02 19:13:13','2021-02-02 19:13:13'),(17,5,27,'2021-02-02 19:13:13','2021-02-02 19:13:13'),(18,5,30,'2021-02-02 19:13:13','2021-02-02 19:13:13'),(19,6,109,'2021-07-05 15:12:53','2021-07-05 15:12:53'),(28,2,2,'2021-07-05 18:17:33','2021-07-05 18:17:33'),(29,2,3,'2021-07-05 18:17:33','2021-07-05 18:17:33'),(30,2,4,'2021-07-05 18:17:33','2021-07-05 18:17:33'),(31,2,5,'2021-07-05 18:17:33','2021-07-05 18:17:33'),(32,7,2,'2021-07-10 19:24:56','2021-07-10 19:24:56'),(33,7,3,'2021-07-10 19:24:56','2021-07-10 19:24:56'),(34,7,4,'2021-07-10 19:24:56','2021-07-10 19:24:56'),(35,7,5,'2021-07-10 19:24:56','2021-07-10 19:24:56'),(36,7,6,'2021-07-10 19:24:56','2021-07-10 19:24:56'),(37,7,7,'2021-07-10 19:24:56','2021-07-10 19:24:56'),(38,7,8,'2021-07-10 19:24:56','2021-07-10 19:24:56'),(39,7,10,'2021-07-10 19:24:56','2021-07-10 19:24:56');

--
-- Table structure for table `clients`
--

CREATE TABLE `clients` (
  `id` bigint(20) unsigned NOT NULL AUTO_INCREMENT,
  `seller_id` varchar(255) COLLATE utf8mb4_unicode_ci NOT NULL,
  `name` varchar(255) COLLATE utf8mb4_unicode_ci NOT NULL,
  `email` varchar(255) COLLATE utf8mb4_unicode_ci NOT NULL,
  `created_at` timestamp NULL DEFAULT NULL,
  `updated_at` timestamp NULL DEFAULT NULL,
  PRIMARY KEY (`id`)
) ENGINE=InnoDB AUTO_INCREMENT=8 DEFAULT CHARSET=utf8mb4 COLLATE=utf8mb4_unicode_ci;

--
-- Dumping data for table `clients`
--

INSERT INTO `clients` VALUES (1,'2','Shubham Kumar','startuptalky@gmail.com','2021-01-27 09:30:03','2021-01-27 09:30:03'),(2,'6','Shubham Kumar','startuptalky@gmail.com','2021-01-27 09:34:25','2021-01-27 09:34:25'),(3,'6','Parnas Ghosh','contact@startuptalky.com','2021-01-30 17:39:59','2021-01-30 17:39:59'),(4,'6','Shubahm','General@st.com','2021-02-02 19:02:32','2021-02-02 19:02:32'),(5,'6','St alternative','stlt@gmail.com','2021-02-02 19:13:13','2021-02-02 19:13:13'),(6,'11','parnas','parnas@99outreach.com','2021-07-05 15:12:53','2021-07-05 15:12:53'),(7,'6','dzf','admin@demo.com','2021-07-10 19:24:56','2021-07-10 19:24:56');

--
-- Table structure for table `contact`
--

CREATE TABLE `contact` (
  `id` bigint(20) unsigned NOT NULL AUTO_INCREMENT,
  `user_id` bigint(20) unsigned DEFAULT NULL,
  `name` varchar(255) COLLATE utf8mb4_unicode_ci NOT NULL,
  `email` varchar(255) COLLATE utf8mb4_unicode_ci NOT NULL,
  `subject` varchar(255) COLLATE utf8mb4_unicode_ci NOT NULL,
  `message` varchar(255) COLLATE utf8mb4_unicode_ci NOT NULL,
  `created_at` timestamp NULL DEFAULT NULL,
  `updated_at` timestamp NULL DEFAULT NULL,
  PRIMARY KEY (`id`)
) ENGINE=InnoDB AUTO_INCREMENT=2 DEFAULT CHARSET=utf8mb4 COLLATE=utf8mb4_unicode_ci;

--
-- Dumping data for table `contact`
--

INSERT INTO `contact` VALUES (1,12,'parnas','parnas@99outreach.com','refund','need full refund. not delivered','2021-07-05 16:22:54','2021-07-05 16:22:54');

--
-- Table structure for table `custom_orders`
--

CREATE TABLE `custom_orders` (
  `id` bigint(20) unsigned NOT NULL AUTO_INCREMENT,
  `user_id` bigint(20) unsigned NOT NULL,
  `niche` varchar(255) COLLATE utf8mb4_unicode_ci NOT NULL,
  `competitior` varchar(255) COLLATE utf8mb4_unicode_ci DEFAULT NULL,
  `budget` varchar(255) COLLATE utf8mb4_unicode_ci NOT NULL,
  `posts` varchar(255) COLLATE utf8mb4_unicode_ci NOT NULL,
  `dr` varchar(255) COLLATE utf8mb4_unicode_ci NOT NULL,
  `traffic` varchar(255) COLLATE utf8mb4_unicode_ci NOT NULL,
  `description` longtext COLLATE utf8mb4_unicode_ci,
  `status` varchar(255) COLLATE utf8mb4_unicode_ci NOT NULL DEFAULT 'New',
  `created_at` timestamp NULL DEFAULT NULL,
  `updated_at` timestamp NULL DEFAULT NULL,
  `deleted_at` timestamp NULL DEFAULT NULL,
  `competitior2` varchar(255) COLLATE utf8mb4_unicode_ci DEFAULT NULL,
  `competitior3` varchar(255) COLLATE utf8mb4_unicode_ci DEFAULT NULL,
  `budget_type` varchar(255) COLLATE utf8mb4_unicode_ci NOT NULL,
  PRIMARY KEY (`id`)
) ENGINE=InnoDB AUTO_INCREMENT=3 DEFAULT CHARSET=utf8mb4 COLLATE=utf8mb4_unicode_ci;

--
-- Dumping data for table `custom_orders`
--

INSERT INTO `custom_orders` VALUES (1,12,'business',NULL,'200','3','50','14',NULL,'Processed','2021-07-05 15:51:40','2021-07-10 19:22:47',NULL,NULL,NULL,''),(2,12,'business',NULL,'10','6','50-80','50K to 100K',NULL,'New','2021-07-11 18:27:13','2021-07-11 18:27:13',NULL,NULL,NULL,'Per Post');

--
-- Table structure for table `deals`
--

CREATE TABLE `deals` (
  `id` bigint(20) unsigned NOT NULL AUTO_INCREMENT,
  `seller_id` int(11) NOT NULL,
  `name` varchar(255) COLLATE utf8mb4_unicode_ci NOT NULL,
  `website` varchar(255) COLLATE utf8mb4_unicode_ci NOT NULL,
  `link_type` varchar(255) COLLATE utf8mb4_unicode_ci NOT NULL,
  `category` varchar(2000) COLLATE utf8mb4_unicode_ci NOT NULL,
  `da` int(11) DEFAULT NULL,
  `dr` int(11) NOT NULL,
  `pa` int(11) DEFAULT NULL,
  `ahrefs_traffic` int(11) NOT NULL,
  `alexa_rank` int(11) NOT NULL,
  `country_tld` varchar(255) COLLATE utf8mb4_unicode_ci NOT NULL,
  `google_approved` varchar(255) COLLATE utf8mb4_unicode_ci NOT NULL,
  `language` varchar(2000) COLLATE utf8mb4_unicode_ci NOT NULL,
  `price_with_link` int(11) NOT NULL,
  `content` varchar(255) COLLATE utf8mb4_unicode_ci NOT NULL,
  `price_content` int(11) DEFAULT NULL,
  `word_limit` int(11) DEFAULT NULL,
  `accept_posts` varchar(255) COLLATE utf8mb4_unicode_ci NOT NULL,
  `price_cbd` int(11) DEFAULT NULL,
  `link_duration` varchar(255) COLLATE utf8mb4_unicode_ci NOT NULL,
  `delivery_time` int(11) NOT NULL,
  `disclosure` varchar(255) COLLATE utf8mb4_unicode_ci NOT NULL,
  `tags` varchar(2000) COLLATE utf8mb4_unicode_ci DEFAULT NULL,
  `email` varchar(255) COLLATE utf8mb4_unicode_ci DEFAULT NULL,
  `phone` varchar(255) COLLATE utf8mb4_unicode_ci DEFAULT NULL,
  `details` longtext COLLATE utf8mb4_unicode_ci,
  `created_at` timestamp NULL DEFAULT NULL,
  `updated_at` timestamp NULL DEFAULT NULL,
  `deleted_at` timestamp NULL DEFAULT NULL,
  `status` varchar(255) COLLATE utf8mb4_unicode_ci NOT NULL DEFAULT 'PENDING',
  `visibility` varchar(255) COLLATE utf8mb4_unicode_ci NOT NULL DEFAULT 'No',
  `sample1` varchar(255) COLLATE utf8mb4_unicode_ci NOT NULL,
  `sample2` varchar(255) COLLATE utf8mb4_unicode_ci NOT NULL,
  `spam_score` int(11) DEFAULT NULL,
  PRIMARY KEY (`id`)
) ENGINE=InnoDB AUTO_INCREMENT=195 DEFAULT CHARSET=utf8mb4 COLLATE=utf8mb4_unicode_ci;

--
-- Dumping data for table `deals`
--

INSERT INTO `deals` VALUES (1,2,'startuptalky','https://www.startuptalky.com','Do Follow','Business and Finance,Education,',30,47,25,45,30000,'.com','Yes','English,',220,'No, Content Not Included',5,800,'Yes',450,'Permanent',2,'No','Costly,','abc@gmail.com',NULL,NULL,'2020-12-20 05:34:35','2021-07-01 13:43:36',NULL,'APPROVED','No','https://fsdfsf.xom','https://fsdfsf.xom',NULL),(2,6,'entrepreneursbreak.com','https://entrepreneursbreak.com/','Do Follow','Business and Finance,General: Multi-Niche,Health,Technology,',55,54,42,8,21447,'.com','No','English,',60,'No, Content Not Included',10,NULL,'No',NULL,'Permanent',5,'No','Cheap,Best Selling,',NULL,NULL,NULL,'2020-12-22 08:27:08','2021-07-14 18:06:26',NULL,'APPROVED','No','https://entrepreneursbreak.com/bitcoin-ways-to-secure-it.html','https://entrepreneursbreak.com/12-newly-added-features-to-youtube.html',1),(3,6,'techiexpert.com','https://www.techiexpert.com/','Do Follow','Technology,',40,53,40,3,128894,'.com','Yes','English,',90,'No, Content Not Included',10,NULL,'No',NULL,'Permanent',5,'No','',NULL,NULL,NULL,'2020-12-22 15:37:19','2021-07-14 19:03:39',NULL,'APPROVED','No','https://www.techiexpert.com/instagram-test-upload-from-desktop-version/','https://www.techiexpert.com/six-tips-to-drive-the-adoption-of-ai-chatbots-in-the-workplace/',1),(4,6,'Startuptalky','https://startuptalky.com/','Do Follow','Business and Finance,',30,47,38,43,36554,'.com','Yes','English,',220,'No, Content Not Included',7,NULL,'No',NULL,'Permanent',4,'No','',NULL,NULL,NULL,'2020-12-22 15:44:39','2021-02-02 18:59:55',NULL,'APPROVED','No','https://startuptalky.com/question-learn-improve-success-rati-tchelidze/','https://startuptalky.com/cohort-analysis/',NULL),(5,6,'techstory.in','https://techstory.in/','Do Follow','Technology,',66,71,47,26,37091,'.in','Yes','English,',110,'No, Content Not Included',10,NULL,'No',NULL,'Permanent',5,'No','Best Selling,Important,',NULL,NULL,NULL,'2020-12-22 15:48:23','2021-07-15 18:56:49',NULL,'APPROVED','No','https://techstory.in/xbox-controller-inspired-by-playstation-5s-dualsense/','https://techstory.in/zuckerberg-is-selling-his-share-of-facebook-stock/',1),(6,6,'theceostory.in','https://theceostory.in/','Do Follow','Business and Finance,',19,31,29,6,74954,'.in','No','English,',80,'No, Content Not Included',10,NULL,'No',NULL,'Permanent',5,'No','',NULL,NULL,NULL,'2020-12-22 15:52:47','2021-07-19 19:22:37',NULL,'APPROVED','No','https://theceostory.in/latest-news/twitter-publishes-transparency-report/','https://theceostory.in/latest-news/rbi-prohibit-mastercard-from-onboarding/',1),(7,6,'tycoonstory.com','https://www.tycoonstory.com/','Do Follow','Business and Finance,Technology,',58,45,NULL,3,55055,'.com','No','English,',80,'No, Content Not Included',10,NULL,'No',NULL,'Permanent',5,'No','',NULL,NULL,NULL,'2020-12-22 15:55:40','2021-07-14 18:39:45',NULL,'APPROVED','No','https://www.tycoonstory.com/entrepreneur/3-big-entrepreneurial-challenges-youll-need-to-overcome-to-succeed/','https://www.tycoonstory.com/starting-a-business/8-options-to-start-a-business-while-paying-off-student-loan-debt/',1),(8,6,'businessconnectindia.in','https://businessconnectindia.in/','Do Follow','Business and Finance,',23,53,36,18,44946,'.in','No','English,',100,'No, Content Not Included',10,NULL,'No',NULL,'Permanent',5,'No','',NULL,NULL,NULL,'2020-12-22 16:00:46','2021-07-14 19:07:11',NULL,'APPROVED','No','https://businessconnectindia.in/upcoming-indian-web-series-of-2021/','https://businessconnectindia.in/most-popular-tiktok-stars-in-world/',1),(9,6,'startupopinions.com','https://www.startupopinions.com/','Do Follow','Business and Finance,Technology,',57,52,42,145,146486,'.com','No','English,',150,'No, Content Not Included',10,NULL,'No',NULL,'Permanent',5,'No','',NULL,NULL,NULL,'2020-12-22 16:04:11','2021-07-19 13:05:55',NULL,'APPROVED','No','https://www.startupopinions.com/smart-ways-of-getting-a-loan-in-2021/','https://www.startupopinions.com/how-to-start-an-e-commerce-store/',1),(10,6,'officechai.com','https://officechai.com/','Do Follow','Business and Finance,',53,52,44,8,81528,'.com','No','English,',130,'No, Content Not Included',10,NULL,'No',NULL,'Permanent',5,'No','',NULL,NULL,NULL,'2020-12-22 16:08:43','2021-07-19 13:06:30',NULL,'APPROVED','No','https://officechai.com/stories/reliance-announces-worlds-most-affordable-phone-in-collaboration-with-google/','https://officechai.com/stories/should-businesses-start-investing-in-mutual-funds/',1),(11,6,'marketingmind.in','https://www.marketingmind.in/','Do Follow','Business and Finance,SEO and Digital Marketing,',30,44,33,28,44387,'.in','No','English,',150,'No, Content Not Included',10,NULL,'No',NULL,'Permanent',5,'No','',NULL,NULL,NULL,'2020-12-22 16:14:37','2021-07-19 06:14:23',NULL,'APPROVED','No','https://www.marketingmind.in/top-5-marketing-campaigns-released-in-june-2021/','https://www.marketingmind.in/mcdonalds-is-rewarding-free-fries-to-customers/',1),(12,6,'marketbusinessnews.com','https://marketbusinessnews.com/','Do Follow','Business and Finance,',63,73,53,189,21504,'.com','No','English,',100,'No, Content Not Included',10,NULL,'No',NULL,'Permanent',5,'No','Best Selling,',NULL,NULL,NULL,'2020-12-22 16:18:02','2021-07-19 06:15:21',NULL,'APPROVED','No','https://marketbusinessnews.com/5-great-tips-for-smart-youtube-marketing/270510/','https://marketbusinessnews.com/why-big-data-benefits-and-its-importance-to-uncover/270397/',1),(13,6,'realitypaper.com','https://realitypaper.com/','Do Follow','General: Multi-Niche,Technology,',57,51,41,12,37859,'.com','No','English,',50,'No, Content Not Included',10,NULL,'No',NULL,'Permanent',5,'No','',NULL,NULL,NULL,'2020-12-22 16:24:51','2021-07-19 13:08:47',NULL,'PENDING','No','https://realitypaper.com/why-does-an-event-ticketing-company-need-proper-software.html','https://realitypaper.com/how-much-does-the-average-person-have-in-savings.html',1),(14,6,'techprodata.com','https://techprodata.com/','Do Follow','Business and Finance,Technology,',52,39,40,4,257973,'.com','Yes','English,',100,'No, Content Not Included',10,NULL,'No',NULL,'Permanent',5,'No','',NULL,NULL,NULL,'2020-12-22 16:32:25','2021-07-19 13:10:01',NULL,'PENDING','No','https://techprodata.com/software-medical-device-basics/','https://techprodata.com/what-tech-do-you-need-to-be-an-effective-online-mentor/',1),(15,6,'namasteui.com','https://www.namasteui.com/','Do Follow','Business and Finance,Technology,',69,45,44,1,54648,'.com','No','English,',50,'No, Content Not Included',10,NULL,'No',NULL,'Permanent',5,'No','',NULL,NULL,NULL,'2020-12-22 16:35:21','2021-07-19 19:25:46',NULL,'PENDING','No','https://www.namasteui.com/6-tips-for-protecting-your-business-data-from-cybersecurity-threats/','https://www.namasteui.com/top-5-features-of-coronavirus-health-insurance-policy/',1),(16,6,'act4apps.org','https://www.act4apps.org/','Do Follow','Technology,',55,52,28,1,235826,'.org','No','English,',50,'No, Content Not Included',10,NULL,'No',NULL,'Permanent',5,'No','',NULL,NULL,NULL,'2020-12-22 16:37:30','2021-07-19 19:30:24',NULL,'APPROVED','No','https://www.act4apps.org/is-3d-printing-safe-for-aerospace/','https://www.act4apps.org/is-3d-printing-safe-for-aerospace/',11),(17,6,'techsupremo.com','https://www.techsupremo.com/','Do Follow','Technology,',68,49,19,3,238189,'.com','Yes','English,',50,'No, Content Not Included',10,NULL,'No',NULL,'Permanent',5,'No','',NULL,NULL,NULL,'2020-12-22 16:39:48','2021-07-19 19:32:48',NULL,'PENDING','No','https://www.techsupremo.com/essential-aspects-that-we-need-to-know-about-fido/','https://www.techsupremo.com/everything-you-need-to-know-about-e-invoicing-and-automation/',1),(18,6,'trans4mind.com','https://trans4mind.com/','Do Follow','General: Multi-Niche,',56,69,49,15,46892,'.com','No','English,',100,'No, Content Not Included',10,NULL,'No',NULL,'Permanent',5,'No','',NULL,NULL,NULL,'2020-12-22 16:43:08','2021-07-19 13:14:49',NULL,'PENDING','No','https://trans4mind.com/counterpoint/index-study-education/how-to-write-an-essay.html','https://trans4mind.com/counterpoint/index-study-education/how-get-child-to-do-homework.html',1),(19,6,'technicpack.net','https://www.technicpack.net/','Do Follow','Technology,',59,73,56,835,63518,'.net','No','English,',60,'No, Content Not Included',10,NULL,'No',NULL,'Permanent',5,'No','',NULL,NULL,NULL,'2020-12-22 16:47:04','2021-07-19 13:18:20',NULL,'PENDING','No','https://www.technicpack.net/','https://www.technicpack.net/',1),(20,6,'stableinvestor.com','https://stableinvestor.com/','Do Follow','Business and Finance,',34,26,36,3,284259,'.com','No','English,',180,'No, Content Not Included',10,NULL,'No',NULL,'Permanent',5,'No','',NULL,NULL,NULL,'2020-12-22 16:49:25','2021-07-19 19:34:49',NULL,'PENDING','No','https://stableinvestor.com/2021/07/stock-tip-fraud-penny-stock-rigging-india.html','https://stableinvestor.com/2021/07/invest-india-reit.html',1),(21,6,'dumbfunded.co.uk','https://www.dumbfunded.co.uk/','Do Follow','Business and Finance,',28,51,30,1,665494,'.co.uk','No','English,',150,'No, Content Not Included',10,NULL,'No',NULL,'Permanent',5,'No','',NULL,NULL,NULL,'2020-12-24 07:01:49','2021-07-19 19:38:16',NULL,'PENDING','No','https://www.dumbfunded.co.uk/news/thomas-cook-goes-under-heres-what-you-need-to-know/','https://www.dumbfunded.co.uk/business/is-a-free-revolut-account-right-for-your-business/',1),(22,6,'Startupranking','https://www.startupranking.com/','Do Follow','Business and Finance,',51,57,48,42,20669,'.com','No','English,',130,'No, Content Not Included',10,NULL,'No',NULL,'Permanent',5,'No','',NULL,NULL,NULL,'2020-12-24 07:08:19','2020-12-24 07:08:19',NULL,'PENDING','No','','',NULL),(23,6,'techmagazines.net','https://www.techmagazines.net','Do Follow','Business and Finance,Technology,',57,41,NULL,4,72484,'.net','No','English,',50,'No, Content Not Included',10,NULL,'No',NULL,'Permanent',5,'No','',NULL,NULL,NULL,'2020-12-24 07:14:22','2021-07-19 13:23:20',NULL,'PENDING','No','https://www.techmagazines.net/instructions-to-use-a-second-monitor-or-screen-with-your-laptop/','https://www.techmagazines.net/want-to-create-a-video-consider-hiring-a-video-production-company/',1),(24,6,'inventiva.co.in','https://www.inventiva.co.in/','Do Follow','Business and Finance,',40,61,40,12,87839,'.co.in','Yes','English,',150,'No, Content Not Included',10,NULL,'No',NULL,'Permanent',5,'No','',NULL,NULL,NULL,'2020-12-24 07:17:35','2021-07-15 18:48:33',NULL,'PENDING','No','https://www.inventiva.co.in/stories/ritika/why-you-arent-repealing-british-era-sedition-law-used-against-gandhi-sc-asks-centre/','https://www.inventiva.co.in/trends/inventiva/fintech-start-up-in-india-reaches-3-5-billion-value/',11),(25,6,'betterlesson.com','https://betterlesson.com','Do Follow','Education,',57,67,53,47,92301,'.com','No','English,',50,'No, Content Not Included',10,NULL,'No',NULL,'Permanent',5,'No','',NULL,NULL,NULL,'2020-12-24 07:20:01','2021-07-15 19:44:06',NULL,'PENDING','No','https://blog.betterlesson.com/learning-losses-and-learning-gains-focus-on-balance-and-equity-to-re-imagine-instruction-moving-forward','https://blog.betterlesson.com/a-look-back-at-the-meeting-the-needs-of-all-learners-master-teacher-project',28),(26,6,'berkeley.edu','http://berkeley.edu/','Do Follow','Education,',93,91,72,3200,1965,'.edu','No','English,',60,'No, Content Not Included',10,NULL,'No',NULL,'Permanent',5,'No','',NULL,NULL,NULL,'2020-12-24 07:23:43','2021-07-15 19:52:19',NULL,'PENDING','No','https://news.berkeley.edu/2021/07/01/very-big-changes-are-coming-very-fast-to-the-american-workplace/','https://news.berkeley.edu/2021/06/21/how-american-racism-is-rooted-in-residential-segregation/',1),(27,6,'adgully.com','https://www.adgully.com/','Do Follow','SEO and Digital Marketing,',56,71,NULL,31,51673,'.com','No','English,',250,'No, Content Not Included',10,NULL,'No',NULL,'Permanent',5,'No','',NULL,NULL,NULL,'2020-12-24 16:47:17','2021-07-15 19:33:34',NULL,'PENDING','No','https://www.adgully.com/facebook-announces-partnership-with-spni-105727.html','https://www.adgully.com/gaming-in-india-the-scope-scale-and-potential-105689.html',1),(28,6,'youngisthan.in','https://www.youngisthan.in/','Do Follow','General: Multi-Niche,',50,43,NULL,13,144186,'.in','Yes','English,',250,'No, Content Not Included',10,NULL,'No',NULL,'Permanent',5,'No','',NULL,NULL,NULL,'2020-12-24 16:50:25','2021-07-19 19:51:31',NULL,'PENDING','No','https://www.youngisthan.in/li-fi-technology-is-a-discovery-preferable-than-wi-fi/76281','https://www.youngisthan.in/lifestyle/is-there-any-reason-that-veggies-suffer-from-less-obesity/76287',1),(29,6,'votepair.org','https://votepair.org/','Do Follow','Gaming,Web Design and Development,',30,20,NULL,23,374750,'.org','Yes','English,',70,'No, Content Not Included',10,NULL,'No',NULL,'Permanent',5,'No','',NULL,NULL,NULL,'2020-12-24 17:00:00','2021-07-19 19:54:31',NULL,'PENDING','No','https://votepair.org/protect-your-digital-self-in-a-few-minutes-a-day/','https://votepair.org/smart-tips-to-nail-amazon-aws-certified-cloud-practitioner-certification-examsnap-in-first-attempt/',1),(30,6,'gizrom.com','https://www.gizrom.com/','Do Follow','General: Multi-Niche,',36,4,NULL,8,491012,'.com','No','English,',70,'No, Content Not Included',10,NULL,'No',NULL,'Permanent',5,'No','',NULL,NULL,NULL,'2020-12-24 17:02:35','2021-07-19 19:56:57',NULL,'PENDING','No','https://www.gizrom.com/5-journalist-privacy-tips-on-staying-undercover-online/','https://www.gizrom.com/a-guide-on-how-to-play-super-nintendo-games-on-android/',1),(31,6,'budgetandthebees.com','https://budgetandthebees.com/','Do Follow','General: Multi-Niche,Travel,',34,26,NULL,2,322599,'.com','No','English,',150,'No, Content Not Included',10,NULL,'No',NULL,'Permanent',5,'No','',NULL,NULL,NULL,'2020-12-24 17:05:49','2021-07-19 19:58:25',NULL,'PENDING','No','https://budgetandthebees.com/unnecessary-purchases-that-hinder-savings/','https://budgetandthebees.com/pay-for-plastic-surgery-with-bad-credit/',33),(32,6,'budgetandinvest.com','https://budgetandinvest.com/','Do Follow','Business and Finance,',31,29,NULL,2,476239,'.com','No','English,',130,'No, Content Not Included',10,NULL,'No',NULL,'Permanent',5,'No','',NULL,NULL,NULL,'2020-12-24 17:08:00','2021-07-15 19:23:51',NULL,'PENDING','No','https://budgetandinvest.com/2021/07/09/10-things-you-shouldnt-pay-for/','https://budgetandinvest.com/2021/06/27/oddest-collectibles-to-invest-in-2021/',28),(33,6,'bmmagazine.co.uk','https://bmmagazine.co.uk/','Do Follow','Business and Finance,Technology,',64,77,NULL,11,44079,'.co.uk','No','English,',180,'No, Content Not Included',10,NULL,'No',NULL,'Permanent',5,'No','',NULL,NULL,NULL,'2020-12-24 17:20:13','2021-07-19 13:37:51',NULL,'PENDING','No','https://bmmagazine.co.uk/news/more-than-2-3bn-lost-in-a-year-as-scams-surge-during-pandemic/','https://bmmagazine.co.uk/news/just-eat-takeaway-com-back-in-the-black-with-60-growth-in-customers/',1),(34,6,'entrepreneurshiplife.com','https://www.entrepreneurshiplife.com/','Do Follow','Business and Finance,',41,59,NULL,1,111738,'.com','No','English,',130,'No, Content Not Included',10,NULL,'No',NULL,'Permanent',5,'No','',NULL,NULL,NULL,'2020-12-26 12:40:47','2021-07-19 13:38:26',NULL,'PENDING','No','https://www.entrepreneurshiplife.com/online-businesses-to-invest/','https://www.entrepreneurshiplife.com/how-to-invest-in-gold-the-ultimate-guide/',1),(35,6,'europeanbusinessreview.com','https://www.europeanbusinessreview.com/','Do Follow','Business and Finance,Technology,',50,71,NULL,32,36383,'.com','No','English,',120,'No, Content Not Included',10,NULL,'No',NULL,'Permanent',5,'No','',NULL,NULL,NULL,'2020-12-26 12:56:48','2021-07-19 13:38:58',NULL,'PENDING','No','https://www.europeanbusinessreview.com/6-equipment-maintenance-mistakes-to-avoid/','https://www.europeanbusinessreview.com/streaming-vs-torrent-which-one-is-a-better-bet-for-your-streamer/',1),(36,6,'internettablettalk.com','https://internettablettalk.com/','Do Follow','General: Multi-Niche,',44,44,NULL,15,363315,'.com','No','English,',120,'No, Content Not Included',10,NULL,'No',NULL,'Permanent',5,'No','',NULL,NULL,NULL,'2020-12-26 13:00:39','2021-07-19 20:03:43',NULL,'PENDING','No','https://internettablettalk.com/how-to-clear-cache-google-chrome/','https://internettablettalk.com/best-emulator-to-play-sausage-man/',1),(37,6,'thetechrim.com','https://thetechrim.com/','Do Follow','Technology,',54,27,NULL,10,80778,'.com','No','English,',120,'No, Content Not Included',10,NULL,'No',NULL,'Permanent',5,'No','',NULL,NULL,NULL,'2020-12-26 13:02:45','2021-07-19 20:05:20',NULL,'PENDING','No','https://thetechrim.com/visual-marketing-important-for-your-online-business/','https://thetechrim.com/free-netflix-account-2018-working-trick/',1),(38,6,'healthiack.com','https://healthiack.com/','Do Follow','Health,',46,50,NULL,2,296466,'.com','No','English,',105,'No, Content Not Included',10,NULL,'No',NULL,'Permanent',5,'No','',NULL,NULL,NULL,'2020-12-26 13:06:41','2021-07-19 20:07:04',NULL,'PENDING','No','https://healthiack.com/health/is-saline-solution-an-effective-treatment-for-pots','https://healthiack.com/lifestyle/here-are-the-5-relieving-benefits-of-physiotherapy',1),(39,6,'startupwonders.com','https://startupwonders.com/','Do Follow','Business and Finance,',26,35,NULL,1,430019,'.com','No','English,',80,'No, Content Not Included',10,NULL,'No',NULL,'Permanent',5,'No','',NULL,NULL,NULL,'2020-12-26 13:08:47','2021-07-14 18:34:51',NULL,'PENDING','No','https://startupwonders.com/5-effective-tips-to-improve-your-response-rate/','https://startupwonders.com/8-ways-your-business-can-make-a-better-first-impression/',1),(40,6,'calculator.co.uk','https://www.calculator.co.uk/','Do Follow','Business and Finance,',28,31,NULL,1,557752,'.co.uk','Yes','English,',105,'No, Content Not Included',10,NULL,'No',NULL,'Permanent',5,'No','',NULL,NULL,NULL,'2020-12-26 13:13:09','2021-07-19 20:08:57',NULL,'PENDING','No','https://www.calculator.co.uk/2021/07/how-to-save-for-your-new-house/','https://www.calculator.co.uk/2021/07/what-happens-to-a-small-business-if-it-extends-too-much-credit/',1),(41,6,'techsling.com','https://www.techsling.com/','Do Follow','Business and Finance,Technology,',40,50,NULL,2,90633,'.com','No','English,',180,'No, Content Not Included',10,NULL,'No',NULL,'Permanent',5,'No','',NULL,NULL,NULL,'2020-12-26 13:15:29','2021-07-18 18:32:41',NULL,'PENDING','No','https://www.techsling.com/a-conversation-with-william-du-about-disaster-response-via-onearc/','https://www.techsling.com/why-do-cryptocurrency-and-video-games-work-so-well-together/',1),(42,6,'businesstelegraph.co.uk','http://www.businesstelegraph.co.uk/','Do Follow','General: Multi-Niche,',45,64,NULL,2,172980,'.co.uk','No','English,',105,'No, Content Not Included',10,NULL,'No',NULL,'Permanent',5,'No','',NULL,NULL,NULL,'2020-12-26 13:18:44','2021-07-19 20:11:18',NULL,'PENDING','No','http://www.businesstelegraph.co.uk/craft-beer-industry-accused-of-being-sexist-boys-club/','http://www.businesstelegraph.co.uk/music-industry-ponders-change-of-tune-on-streaming-rewards/',1),(43,6,'pixr8.com','https://pixr8.com/','Do Follow','Business and Finance,General: Multi-Niche,',37,36,NULL,1,902968,'.com','No','English,',100,'No, Content Not Included',10,NULL,'No',NULL,'Permanent',5,'No','',NULL,NULL,NULL,'2020-12-26 13:20:49','2021-07-19 20:13:46',NULL,'PENDING','No','https://pixr8.com/acqusition/reliance-retail-to-acquire-40-95-stake-in-just-dial/','https://pixr8.com/story/how-to-create-a-perfect-logo-for-your-business/',1),(44,6,'indianweb2.com','https://www.indianweb2.com/','Do Follow','Business and Finance,General: Multi-Niche,',46,64,NULL,1,130381,'.com','No','English,',100,'No, Content Not Included',10,NULL,'No',NULL,'Permanent',5,'No','',NULL,NULL,NULL,'2020-12-26 13:24:25','2021-07-19 20:21:57',NULL,'PENDING','No','https://www.indianweb2.com/2021/07/for-its-upcoming-electric-car-ford.html','https://www.indianweb2.com/2021/07/microsoft-launches-windows-365-cloud-pc.html',1),(45,6,'spacecoastdaily.com','https://spacecoastdaily.com/','Do Follow','Business and Finance,Government and Politics,',75,72,NULL,207,48392,'.com','Yes','English,',100,'No, Content Not Included',10,NULL,'No',NULL,'Permanent',5,'No','',NULL,NULL,NULL,'2020-12-26 13:29:29','2021-07-14 19:47:18',NULL,'PENDING','No','https://spacecoastdaily.com/2021/07/nathan-white-its-alarming-that-three-city-council-members-can-take-away-the-right-of-90000-palm-bay-voters/','https://spacecoastdaily.com/2021/06/edc-of-floridas-space-coast-embraer-collaborated-to-re-energize-space-coast-economy-at-critical-time/',1),(46,6,'mentalitch.com','https://mentalitch.com/','Do Follow','General: Multi-Niche,',52,62,NULL,20,47080,'.com','No','English,',100,'No, Content Not Included',10,NULL,'No',NULL,'Permanent',5,'No','',NULL,NULL,NULL,'2020-12-26 13:52:48','2021-07-19 20:24:23',NULL,'PENDING','No','https://mentalitch.com/the-ultimate-guide-to-pizza/','https://mentalitch.com/guide-to-classic-cartoons/',1),(47,6,'imcgrupo.com','http://www.imcgrupo.com/','Do Follow','Business and Finance,Technology,',70,71,NULL,27,32781,'.com','Yes','English,',100,'No, Content Not Included',10,NULL,'No',NULL,'Permanent',5,'No','',NULL,NULL,NULL,'2020-12-26 13:55:15','2021-07-14 19:30:53',NULL,'PENDING','No','https://www.imcgrupo.com/how-to-study-data-science-in-2021/','https://www.imcgrupo.com/pros-and-cons-of-hiring-different-seo-companies/',1),(48,6,'tapscape.com','http://www.tapscape.com/','Do Follow','Business and Finance,',78,58,NULL,1,75445,'.com','No','English,',90,'No, Content Not Included',10,NULL,'No',NULL,'Permanent',5,'No','',NULL,NULL,NULL,'2020-12-26 13:57:14','2021-07-19 20:25:43',NULL,'PENDING','No','https://www.tapscape.com/top-5-businesses-thriving-through-social-media-marketing/','https://www.tapscape.com/why-should-you-market-your-business-on-twitter/',1),(49,6,'punjabnewsexpress.com','https://www.punjabnewsexpress.com/','Do Follow','General: Multi-Niche,',48,49,NULL,1,136979,'.com','Yes','English,',90,'No, Content Not Included',10,NULL,'No',NULL,'Permanent',5,'No','',NULL,NULL,NULL,'2020-12-26 13:59:23','2021-07-19 20:27:18',NULL,'PENDING','No','https://www.punjabnewsexpress.com/punjab/news/sidhu-now-on-driving-seat-to-steer-congress-in-punjab-elections-143291','https://www.punjabnewsexpress.com/punjab/news/punjab-govt-launches-automated-auditory-brainstem-response-system-to-effectively-screen-hearing-loss-in-newborn-143298',1),(50,6,'omegaunderground.com','https://omegaunderground.com/','Do Follow','Business and Finance,Technology,',81,55,NULL,1,136746,'.com','No','English,',80,'No, Content Not Included',10,NULL,'No',NULL,'Permanent',5,'No','',NULL,NULL,NULL,'2020-12-26 14:01:07','2021-07-19 20:30:09',NULL,'PENDING','No','https://omegaunderground.com/local-seo-tips-to-help-small-businesses-thrive-in-2021/','https://omegaunderground.com/how-remote-work-is-impacting-the-home-service-industry/',1),(51,6,'desientrepreneurs.com','https://www.desientrepreneurs.com/','Do Follow','Business and Finance,',10,25,NULL,2,622962,'.com','No','English,',70,'No, Content Not Included',10,NULL,'No',NULL,'Permanent',5,'No','',NULL,NULL,NULL,'2020-12-26 14:05:03','2021-07-19 20:31:29',NULL,'PENDING','No','https://www.desientrepreneurs.com/top-3-online-slot-machine-games-for-real-money/','https://www.desientrepreneurs.com/making-an-income-while-being-passive/',1),(52,6,'aspirantsg.com','https://www.aspirantsg.com/','Do Follow','Food and Drink,Travel,',67,45,NULL,22,97346,'.com','No','English,',70,'No, Content Not Included',10,NULL,'No',NULL,'Permanent',5,'No','',NULL,NULL,NULL,'2020-12-26 14:19:08','2021-07-20 13:03:27',NULL,'PENDING','No','https://www.aspirantsg.com/kiztopia-dazzling-nights/','https://www.aspirantsg.com/uss-mahalo-memories/',1),(53,6,'coverjunction.com','https://coverjunction.com/','Do Follow','Business and Finance,General: Multi-Niche,',38,51,NULL,14,555370,'.com','No','English,',70,'No, Content Not Included',10,NULL,'No',NULL,'Permanent',5,'No','',NULL,NULL,NULL,'2020-12-26 14:24:01','2021-07-20 13:05:10',NULL,'PENDING','No','https://coverjunction.com/why-rely-on-professionals-for-result-oriented-vermont-seo-services/','https://coverjunction.com/fix-youtube-this-video-is-unavailable/',1),(54,6,'getsolved.org','https://getsolved.org/','Do Follow','Technology,',21,12,NULL,18,777197,'.org','No','English,',70,'No, Content Not Included',10,NULL,'No',NULL,'Permanent',5,'No','',NULL,NULL,NULL,'2020-12-26 15:18:54','2021-07-20 13:10:47',NULL,'PENDING','No','https://getsolved.org/how-to-fix-external-hard-drive-not-showing-up/','https://getsolved.org/fix-ip-address-conflict-error/',1),(55,6,'programminginsider.com','https://programminginsider.com/','Do Follow','General: Multi-Niche,Technology,',58,65,NULL,52,36421,'.com','Yes','English,',80,'No, Content Not Included',10,NULL,'No',NULL,'Permanent',5,'No','',NULL,NULL,NULL,'2020-12-26 15:27:01','2021-07-19 14:20:52',NULL,'PENDING','No','https://programminginsider.com/5-tech-myths-of-the-dehumidifier-and-mobile-signal-booster-that-you-need-to-stop-believing-is-right-now/','https://programminginsider.com/2021-emmy-nominations-the-crown-on-netflix-and-the-mandalorian-on-disney-plus-lead-the-pack/',1),(56,6,'Neconnected','https://neconnected.co.uk/','Do Follow','General: Multi-Niche,',NULL,56,NULL,22,72225,'.co.uk','No','English,',70,'No, Content Not Included',10,NULL,'No',NULL,'Permanent',5,'No','',NULL,NULL,NULL,'2020-12-26 15:30:12','2020-12-26 15:30:12',NULL,'PENDING','No','','',NULL),(57,6,'computertechreviews.com','https://www.computertechreviews.com/','Do Follow','General: Multi-Niche,Technology,',62,63,NULL,20,42883,'.com','No','English,',60,'No, Content Not Included',10,NULL,'No',NULL,'Permanent',5,'No','',NULL,NULL,NULL,'2020-12-28 05:52:24','2021-07-20 13:35:33',NULL,'PENDING','No','https://www.computertechreviews.com/benefits-of-mobile-call-recording/amp/','https://www.computertechreviews.com/funds-back-ltd/amp/',1),(58,6,'easterneye.biz','https://www.easterneye.biz/','Do Follow','General: Multi-Niche,',44,55,NULL,6,92340,'.biz','Yes','English,',60,'No, Content Not Included',10,NULL,'No',NULL,'Permanent',5,'No','',NULL,NULL,NULL,'2020-12-28 06:08:42','2021-07-20 13:37:23',NULL,'PENDING','No','https://www.easterneye.biz/oil-producing-nations-agree-to-boost-output-curb-price-rise/','https://www.easterneye.biz/exclusive-zoya-hussain-i-want-to-do-films-in-all-languages/',1),(59,6,'errorcode0x.com','https://errorcode0x.com/','Do Follow','Technology,Web Design and Development,',37,56,NULL,7,405842,'.com','No','English,',60,'No, Content Not Included',10,NULL,'No',NULL,'Permanent',5,'No','',NULL,NULL,NULL,'2020-12-28 06:18:25','2021-07-20 13:39:05',NULL,'PENDING','No','https://errorcode0x.com/tips-to-make-the-most-of-online-casino-bonuses/','https://errorcode0x.com/5-benefits-of-hiring-a-node-js-consultant/',22),(60,6,'technofaq.org','https://technofaq.org/','Do Follow','Technology,',48,61,NULL,2,32158,'.org','No','English,',70,'No, Content Not Included',10,NULL,'No',NULL,'Permanent',5,'No','',NULL,NULL,NULL,'2020-12-28 06:21:35','2021-07-19 14:34:18',NULL,'PENDING','No','https://technofaq.org/posts/2020/11/letter-is-modern-private-and-ad-free-email-hosting-provider-with-business-features/','https://technofaq.org/posts/2020/09/the-techie-way-to-tour-japan/',1),(61,6,'startupurban.com','https://www.startupurban.com/','Do Follow','Business and Finance,General: Multi-Niche,',17,39,NULL,1,156588,'.com','No','English,',60,'No, Content Not Included',10,NULL,'No',NULL,'Permanent',5,'No','',NULL,NULL,NULL,'2020-12-28 06:28:30','2021-07-20 13:41:06',NULL,'PENDING','No','https://www.startupurban.com/how-to-choose-plus-size-workout-clothes/','https://www.startupurban.com/ways-to-make-your-retirement-life-easy/',11),(62,6,'routerguide.org','https://routerguide.org/','Do Follow','General: Multi-Niche,Technology,Web Design and Development,',27,23,NULL,19,1158478,'.org','Yes','English,',50,'No, Content Not Included',10,NULL,'No',NULL,'Permanent',5,'No','',NULL,NULL,NULL,'2020-12-28 06:36:36','2021-07-20 13:43:08',NULL,'PENDING','No','https://routerguide.org/fix-wifi-doesnt-have-valid-ip-configuration/','https://routerguide.org/generate-random-ip-address/',1),(63,6,'askcorran.com','https://askcorran.com/','Do Follow','Business and Finance,General: Multi-Niche,Health,Technology,',69,63,NULL,11,47290,'.com','Yes','English,',60,'No, Content Not Included',10,NULL,'No',NULL,'Permanent',5,'No','',NULL,NULL,NULL,'2020-12-28 06:41:00','2021-07-19 14:36:53',NULL,'PENDING','No','https://askcorran.com/standout-tech-products-of-2021/','https://askcorran.com/the-veggies-that-are-great-for-your-skin/',1),(64,6,'cialishuk.com','https://cialishuk.com/','Do Follow','Health,',27,31,NULL,1,1318820,'.com','No','English,',45,'No, Content Not Included',10,NULL,'No',NULL,'Permanent',5,'No','',NULL,NULL,NULL,'2020-12-28 06:47:06','2021-07-20 13:44:24',NULL,'PENDING','No','https://cialishuk.com/can-you-walk-on-a-treadmill-with-socks/','https://cialishuk.com/i-can-only-do-2-minutes-on-the-elliptical-average-workout-time/',1),(65,6,'Startupsjourney','https://startupsjourney.com/','Do Follow','Business and Finance,',NULL,19,NULL,1,1614435,'.com','No','English,',40,'No, Content Not Included',10,NULL,'No',NULL,'Permanent',5,'No','',NULL,NULL,NULL,'2020-12-28 06:49:35','2020-12-28 06:49:35',NULL,'PENDING','No','','',NULL),(66,6,'Startuptalks','http://startuptalks.in/','Do Follow','Business and Finance,',NULL,7,NULL,1,3001066,'.in','No','English,',20,'No, Content Not Included',10,NULL,'No',NULL,'Permanent',5,'No','',NULL,NULL,NULL,'2020-12-28 06:51:28','2020-12-28 06:51:28',NULL,'PENDING','No','','',NULL),(67,6,'stanford.edu','http://stanford.edu','Do Follow','Education,',93,92,NULL,5200,1310,'.edu','No','English,',70,'No, Content Not Included',10,NULL,'No',NULL,'Permanent',5,'No','',NULL,NULL,NULL,'2020-12-30 06:34:45','2021-07-15 19:41:12',NULL,'PENDING','No','https://news.stanford.edu/2021/06/29/venus-mission/','https://med.stanford.edu/news/all-news/2021/07/immune-system-clock-predicts-illness-and-mortality',1),(68,6,'ju.edu.jo','http://ju.edu.jo','Do Follow','Education,',56,70,NULL,407,56820,'.edu.jo','No','English,',60,'No, Content Not Included',10,NULL,'No',NULL,'Permanent',5,'No','',NULL,NULL,NULL,'2020-12-30 06:38:06','2021-07-19 14:44:01',NULL,'PENDING','No','http://centers.ju.edu.jo/en/idvc/Lists/CenterNews/School_DispNews1.aspx?ID=31','http://centers.ju.edu.jo/en/idvc/Lists/Announcements/School_DispAnn.aspx?ID=28',1),(69,6,'carthage.edu','https://www.carthage.edu/','Do Follow','Education,',56,69,NULL,29,220844,'.edu','No','English,',60,'No, Content Not Included',10,NULL,'No',NULL,'Permanent',5,'No','',NULL,NULL,NULL,'2020-12-30 06:40:57','2021-07-15 19:55:08',NULL,'PENDING','No','https://www.carthage.edu/about/75-years-of-black-excellence/','https://www.carthage.edu/spotlight/student-athlete/',1),(70,6,'msu.edu','http://msu.edu','Do Follow','Education,',91,90,NULL,1700,5773,'.edu','No','English,',60,'No, Content Not Included',10,NULL,'No',NULL,'Permanent',5,'No','',NULL,NULL,NULL,'2020-12-30 09:53:06','2021-07-19 14:44:59',NULL,'PENDING','No','https://msutoday.msu.edu/news/2021/MSU-led-effort-to-nearly-double-Michigans-sexual-assault-nurse-examiners','https://innovationcenter.msu.edu/msu-maintains-longstanding-issued-patent-ranking-among-universities-worldwide/',1),(71,6,'utah.edu','http://utah.edu','Do Follow','Education,',89,88,NULL,1450,4375,'.edu','No','English,',60,'No, Content Not Included',10,NULL,'No',NULL,'Permanent',5,'No','',NULL,NULL,NULL,'2020-12-30 09:59:34','2021-07-16 15:47:14',NULL,'PENDING','No','https://attheu.utah.edu/facultystaff/3-d-cephalopods/','https://attheu.utah.edu/facultystaff/makeup-in-ancient-egypt/',1),(72,6,'compass.centralmethodist.edu','https://compass.centralmethodist.edu/ICS','Do Follow','Education,',48,61,NULL,5,49307,'.centralmethodist.edu','No','English,',60,'No, Content Not Included',10,NULL,'No',NULL,'Permanent',5,'No','',NULL,NULL,NULL,'2020-12-30 10:01:04','2021-07-19 14:45:44',NULL,'PENDING','No','https://news.centralmethodist.edu/2021/07/energizing-teacher-workshop.html','https://news.centralmethodist.edu/2021/04/fleer-lecture-climate-crisis.html',1),(73,6,'ko-fi.com','https://ko-fi.com/','Do Follow','Premium Websites,',72,90,NULL,205,5418,'.com','No','English,',60,'No, Content Not Included',10,NULL,'No',NULL,'Permanent',10,'No','',NULL,NULL,NULL,'2020-12-30 10:08:03','2021-07-19 14:46:27',NULL,'PENDING','No','https://ko-fi.com/post/Using-Ko-fi-for-Crowdfunding-L3L6532C1','https://ko-fi.com/post/Connect-Ko-fi-to-Your-Favourite-Apps-with-Zapier-T6T04M6NK',1),(74,6,'devote.se','http://www.devote.se/','Do Follow','General: Multi-Niche,',54,67,NULL,35,105987,'.se','No','German,',60,'No, Content Not Included',10,NULL,'No',NULL,'Permanent',5,'No','',NULL,NULL,NULL,'2020-12-30 10:10:50','2021-07-19 14:46:56',NULL,'PENDING','No','https://www.devote.se/artiklar/bloggaren-fina-sommarplagg-att-klicka-hem-5827','https://www.devote.se/artiklar/alskar-du-att-skriva-skicka-in-din-kronika-till-oss-5572',28),(75,6,'gadgetflazz.com','https://www.gadgetflazz.com/','Do Follow','General: Multi-Niche,Technology,',56,37,NULL,4,157284,'.com','No','English,',60,'No, Content Not Included',10,NULL,'No',NULL,'Permanent',5,'No','',NULL,NULL,NULL,'2021-01-02 06:41:37','2021-07-19 14:47:31',NULL,'PENDING','No','https://www.gadgetflazz.com/best-trustpilot-alternatives/','https://www.gadgetflazz.com/everything-you-need-to-know-about-extratorrents/',1),(76,6,'selfgrowth.com','https://www.selfgrowth.com/','Do Follow','General: Multi-Niche,Health,',61,78,NULL,14,12569,'.com','No','English,',50,'No, Content Not Included',10,NULL,'No',NULL,'Permanent',5,'No','',NULL,NULL,NULL,'2021-01-02 06:44:56','2021-07-19 14:48:19',NULL,'PENDING','No','https://www.selfgrowth.com/articles/how-echocardiogram-can-help-solve-your-heart-problem','https://www.selfgrowth.com/articles/thoughts-on-cannabis',22),(77,6,'crweworld.com','http://crweworld.com/','Do Follow','General: Multi-Niche,Government and Politics,',45,46,NULL,7,56637,'.com','No','English,',50,'No, Content Not Included',10,NULL,'No',NULL,'Permanent',5,'No','',NULL,NULL,NULL,'2021-01-02 06:53:49','2021-07-19 14:48:37',NULL,'PENDING','No','http://crweworld.com/article/arts-entertainment/2066350/tv-star-says-taxi-driver-took-her-wheelchair-away','http://crweworld.com/article/news-provided-by-crwe-press-release/2012052/automotive-aluminum-extrusion-market-report-trends-forecast-and-competitive-analysis',1),(78,6,'analyfe.com','https://www.analyfe.com/','Do Follow','General: Multi-Niche,SEO and Digital Marketing,',59,47,NULL,1,323893,'.com','No','English,',70,'No, Content Not Included',10,NULL,'No',NULL,'Permanent',5,'No','',NULL,NULL,NULL,'2021-01-05 07:13:50','2021-07-19 14:49:02',NULL,'PENDING','No','https://www.analyfe.com/internet/the-four-essentials-of-microsoft-security/','https://www.analyfe.com/business/here-is-a-method-which-is-greatly-helping-people-track-their-delivery/',1),(79,6,'apsense.com','http://www.apsense.com','Do Follow','Business and Finance,',75,77,NULL,5,3594,'.com','No','English,',60,'No, Content Not Included',10,NULL,'No',NULL,'Permanent',5,'No','',NULL,NULL,NULL,'2021-01-05 07:17:12','2021-07-19 14:49:43',NULL,'PENDING','No','http://www.apsense.com/news/1072-13325732.html','http://www.apsense.com/news/1081-13325677.html',17),(80,6,'businessmodulehub.com','https://www.businessmodulehub.com/','Do Follow','Business and Finance,',40,55,NULL,2,17082,'.com','No','English,',50,'No, Content Not Included',10,NULL,'No',NULL,'Permanent',5,'No','',NULL,NULL,NULL,'2021-01-05 07:18:47','2021-07-19 14:50:10',NULL,'PENDING','No','https://www.businessmodulehub.com/blog/the-future-of-waste-management/','https://www.businessmodulehub.com/blog/reasons-to-hire-a-broker-advisor-for-your-insurance-needs/',1),(81,6,'newshunt360.com','https://newshunt360.com/','Do Follow','General: Multi-Niche,',66,54,NULL,4,31066,'.com','Yes','English,',50,'No, Content Not Included',10,NULL,'No',NULL,'Permanent',5,'Yes','',NULL,NULL,NULL,'2021-01-05 07:20:57','2021-07-19 14:50:33',NULL,'PENDING','No','https://newshunt360.com/five-factors-that-impact-your-business-credit/','https://newshunt360.com/things-to-know-about-fiona-the-major-online-lending-platforms/',1),(82,6,'amazingviralnews.com','https://www.amazingviralnews.com/','Do Follow','General: Multi-Niche,',39,47,NULL,7,37679,'.com','Yes','English,',50,'No, Content Not Included',10,NULL,'No',NULL,'Permanent',5,'No','',NULL,NULL,NULL,'2021-01-05 07:24:20','2021-07-19 14:51:07',NULL,'PENDING','No','https://www.amazingviralnews.com/marketing-leaders-recommend-mdm-solutions-for-business/','https://www.amazingviralnews.com/how-camping-can-help-you-become-a-better-person/',1),(83,6,'moneypip.com','https://moneypip.com/','Do Follow','Business and Finance,',42,38,NULL,6,296934,'.com','Yes','English,',50,'No, Content Not Included',10,NULL,'No',NULL,'Permanent',5,'No','',NULL,NULL,NULL,'2021-01-05 07:26:45','2021-07-19 14:51:36',NULL,'PENDING','No','https://moneypip.com/use-vibrant-window-clings-for-promoting-your-retail-business/','https://moneypip.com/advantages-of-payday-and-personal-loans/',1),(84,6,'codehabitude.com','https://codehabitude.com/','Do Follow','Technology,',55,22,NULL,1,116682,'.com','No','English,',50,'No, Content Not Included',10,NULL,'No',NULL,'Permanent',5,'No','',NULL,NULL,NULL,'2021-01-05 07:28:36','2021-07-19 14:51:57',NULL,'PENDING','No','https://codehabitude.com/best-free-movie-apps-for-android/','https://codehabitude.com/what-is-a-fitgirl-repack/',1),(85,6,'adclays.com','https://adclays.com/','Do Follow','General: Multi-Niche,',61,53,NULL,16,74737,'.com','Yes','English,',60,'No, Content Not Included',10,NULL,'No',NULL,'Permanent',5,'No','',NULL,NULL,NULL,'2021-01-05 07:31:08','2021-07-19 14:52:25',NULL,'PENDING','No','https://adclays.com/ten-easy-steps-to-make-your-youtube-videos-convert-into-sales/','https://adclays.com/buck-converters-vs-boost-converters/',1),(86,6,'timebusinessnews.com','https://timebusinessnews.com/','Do Follow','Business and Finance,Health,Technology,',41,60,NULL,2,12944,'.com','No','English,',60,'No, Content Not Included',10,NULL,'No',NULL,'Permanent',5,'No','',NULL,NULL,NULL,'2021-01-05 07:32:46','2021-07-19 14:52:58',NULL,'PENDING','No','https://timebusinessnews.com/vip-protection-services-types-and-importance/','https://timebusinessnews.com/artificial-intelligence-in-healthcare-intels-ai-tool-screens-patients-for-vision-loss/',1),(87,6,'liistudio.com','https://liistudio.com/','Do Follow','General: Multi-Niche,',53,47,NULL,1,160301,'.com','No','English,',60,'No, Content Not Included',10,NULL,'No',NULL,'Permanent',5,'No','',NULL,NULL,NULL,'2021-01-05 07:34:39','2021-07-19 14:53:23',NULL,'PENDING','No','https://liistudio.com/how-to-get-more-instagram-followers-with-these-tips/50732/','https://liistudio.com/best-tips-and-tricks-to-pick-out-custom-printed-t-shirts-for-your-team/50738/',1),(88,6,'asiaposts.com','https://asiaposts.com/','Do Follow','General: Multi-Niche,',37,32,NULL,3,45707,'.com','Yes','English,',50,'No, Content Not Included',10,NULL,'No',NULL,'Permanent',5,'No','',NULL,NULL,NULL,'2021-01-05 07:40:00','2021-07-19 14:54:11',NULL,'PENDING','No','https://asiaposts.com/things-to-consider-for-better-business-cyber-security-plan/','https://asiaposts.com/what-are-legal-consultants-and-how-can-they-help-your-business-an-analysis/',1),(89,6,'atoallinks.com','https://www.atoallinks.com/','Do Follow','General: Multi-Niche,',42,75,NULL,1,10830,'.com','No','English,',50,'No, Content Not Included',10,NULL,'No',NULL,'Permanent',5,'No','',NULL,NULL,NULL,'2021-01-05 07:42:09','2021-07-19 14:54:27',NULL,'PENDING','No','https://www.atoallinks.com/2021/selecting-the-right-customized-bags-for-packaging-online/','https://www.atoallinks.com/2021/how-to-figure-out-the-future-of-mechanical-engineering/',1),(90,6,'blog.storymirror.com','https://blog.storymirror.com/','Do Follow','General: Multi-Niche,',43,57,NULL,1,23218,'.storymirror.com','No','English,',60,'No, Content Not Included',10,NULL,'No',NULL,'Permanent',5,'No','',NULL,NULL,NULL,'2021-01-05 07:43:45','2021-07-19 14:54:43',NULL,'PENDING','No','https://blog.storymirror.com/read/awt95poy/10-smart-ways-to-earn-or-build-backlinks-to-your-website','https://blog.storymirror.com/read/2flqvlki/pork-meat-market-research-and-analysis-by-expert-industry-challenges-and-opportunities-to-2027',1),(91,6,'mynewsfit.com','https://mynewsfit.com/','Do Follow','Business and Finance,',53,54,NULL,1,20658,'.com','No','English,',60,'No, Content Not Included',10,NULL,'No',NULL,'Permanent',5,'No','',NULL,NULL,NULL,'2021-01-05 07:45:10','2021-07-19 15:01:29',NULL,'PENDING','No','https://mynewsfit.com/steps-to-measure-the-success-of-your-print-campaign-digitally/','https://mynewsfit.com/purchasing-salon-disinfectant-can-prove-great-for-your-business/',1),(92,6,'cleeyk.com','https://cleeyk.com','Do Follow','General: Multi-Niche,',56,14,NULL,1,1316101,'.com','No','English,',60,'No, Content Not Included',10,NULL,'No',NULL,'Permanent',5,'No','',NULL,NULL,NULL,'2021-01-05 07:48:46','2021-07-20 14:10:18',NULL,'PENDING','No','https://cleeyk.com/things-you-need-to-know-about-electric-bikes/','https://cleeyk.com/what-are-the-main-types-of-wrongful-death-cases/',1),(93,6,'techinexpert.com','https://www.techinexpert.com/','Do Follow','Technology,',33,38,NULL,1,144238,'.com','Yes','English,',50,'No, Content Not Included',10,NULL,'No',NULL,'Permanent',5,'No','',NULL,NULL,NULL,'2021-01-05 07:51:10','2021-07-19 15:02:51',NULL,'PENDING','No','https://www.techinexpert.com/how-to-choose-the-best-marketing-strategy-for-your-moving-company/','https://www.techinexpert.com/how-to-market-your-amazon-book-in-2021/',11),(94,6,'starstarshow.com','http://starstarshow.com/','Do Follow','Business and Finance,',33,41,NULL,2,207971,'.com','Yes','English,',50,'No, Content Not Included',10,NULL,'No',NULL,'Permanent',5,'No','',NULL,NULL,NULL,'2021-01-05 07:53:12','2021-07-19 15:03:38',NULL,'PENDING','No','https://starstarshow.com/common-sd-card-problems-and-how-you-can-fix-them/','https://starstarshow.com/reasons-why-having-a-website-is-important-for-your-business/',1),(95,6,'apzomedia.com','https://www.apzomedia.com/','Do Follow','Business and Finance,',38,43,NULL,13,122341,'.com','No','English,',60,'No, Content Not Included',10,NULL,'No',NULL,'Permanent',5,'No','',NULL,NULL,NULL,'2021-01-05 07:55:09','2021-07-19 15:03:58',NULL,'PENDING','No','https://www.apzomedia.com/6-reasons-every-business-must-hire-seo-specialist/','https://www.apzomedia.com/how-to-download-youtube-videos-for-free/',22),(96,6,'pulchra.org','https://pulchra.org/','Do Follow','General: Multi-Niche,',32,38,NULL,1,270721,'.org','Yes','English,',50,'No, Content Not Included',10,NULL,'No',NULL,'Permanent',5,'No','',NULL,NULL,NULL,'2021-01-05 07:56:52','2021-07-19 15:04:18',NULL,'PENDING','No','https://pulchra.org/business/email-marketing-a-detailed-guide-on-event-promotion-to-boost-up-sales/','https://pulchra.org/health/5-signs-of-sinus-inflammation-and-how-to-treat-it/',72),(97,6,'Doffitt','https://www.doffitt.com/','Do Follow','Business and Finance,',NULL,37,NULL,1,136270,'.com','No','English,',40,'No, Content Not Included',10,NULL,'No',NULL,'Permanent',5,'No','',NULL,NULL,NULL,'2021-01-05 07:58:48','2021-01-05 07:58:48',NULL,'PENDING','No','','',NULL),(98,6,'wepromote247.com','http://www.wepromote247.com/','Do Follow','General: Multi-Niche,',50,26,NULL,3,913791,'.com','No','English,',60,'No, Content Not Included',10,NULL,'No',NULL,'Permanent',5,'No','',NULL,NULL,NULL,'2021-01-05 08:00:38','2021-07-19 15:06:34',NULL,'PENDING','No','https://www.wepromote247.com/what-are-the-advantages-of-packaging-and-folding-cartons/','https://www.wepromote247.com/3-areas-for-up-and-coming-young-professionals-to-look-for-lake-travis-real-estate/',1),(99,6,'codingcurious.com','https://codingcurious.com/','Do Follow','General: Multi-Niche,Technology,',68,55,NULL,1,343775,'.com','No','English,',75,'No, Content Not Included',10,NULL,'No',NULL,'Permanent',5,'No','',NULL,NULL,NULL,'2021-01-05 08:04:37','2021-07-19 15:06:58',NULL,'PENDING','No','https://codingcurious.com/advanced-and-innovative-bitcoin-trading-platform-for-android/','https://codingcurious.com/how-old-do-you-have-to-be-to-work-at-starbucks/',1),(100,6,'weblyen.com','https://www.weblyen.com/','Do Follow','General: Multi-Niche,',48,43,NULL,19,240959,'.com','Yes','English,',60,'No, Content Not Included',10,NULL,'No',NULL,'Permanent',5,'No','',NULL,NULL,NULL,'2021-01-05 08:05:48','2021-07-19 15:07:38',NULL,'PENDING','No','https://www.weblyen.com/bathroom-trends/','https://www.weblyen.com/need-for-customized-coffee-mugs/',1),(101,6,'techmoab.com','https://techmoab.com/','Do Follow','Technology,',28,34,NULL,3,150425,'.com','No','English,',40,'No, Content Not Included',10,NULL,'No',NULL,'Permanent',5,'No','',NULL,NULL,NULL,'2021-01-05 08:07:06','2021-07-19 15:08:30',NULL,'PENDING','No','https://techmoab.com/improve-customer-trust-on-ecommerce-sites/','https://techmoab.com/could-ios-15/',1),(102,6,'techlogitic.net','http://techlogitic.net/','Do Follow','Technology,',42,49,NULL,1,41464,'.net','No','English,',60,'No, Content Not Included',10,NULL,'No',NULL,'Permanent',5,'No','',NULL,NULL,NULL,'2021-01-06 07:49:33','2021-07-19 15:09:13',NULL,'PENDING','No','https://techlogitic.net/top-5-free-twitter-feed-plugins-for-wordpress-website/','https://techlogitic.net/how-to-deal-with-a-foreign-workforce-in-the-post-pandemic-situation/',1),(103,6,'techsrise.com','https://www.techsrise.com/','Do Follow','Technology,',39,26,NULL,1,230448,'.com','No','English,',50,'No, Content Not Included',10,NULL,'No',NULL,'Permanent',5,'No','',NULL,NULL,NULL,'2021-01-06 07:52:40','2021-07-19 15:09:31',NULL,'PENDING','No','https://www.techsrise.com/technology/web-development/a-complete-guide-to-application-development/','https://www.techsrise.com/technology/web-development/website-origin-is-an-active-looking-strategy/',1),(104,6,'techkunda.com','http://techkunda.com/','Do Follow','Technology,',49,31,NULL,6,364490,'.com','Yes','English,',50,'No, Content Not Included',10,NULL,'No',NULL,'Permanent',5,'No','',NULL,NULL,NULL,'2021-01-06 07:55:37','2021-07-19 15:09:46',NULL,'PENDING','No','https://techkunda.com/how-to-create-a-routine-that-works-for-you/','https://techkunda.com/online-marketing-services-for-small-businesses/',11),(105,6,'techsite.io','https://www.techsite.io/','Do Follow','Technology,',50,69,NULL,3,4342,'.io','No','English,',60,'No, Content Not Included',10,NULL,'No',NULL,'Permanent',5,'No','',NULL,NULL,NULL,'2021-01-06 07:58:36','2021-07-19 15:10:24',NULL,'PENDING','No','https://www.techsite.io/p/2405882/t/where-health-and-wellness-meet-internet-security','https://www.techsite.io/p/2403186/t/how-to-implement-faceted-navigation-for-improved-seo-and-ux',1),(106,6,'solutionhow.com','https://www.solutionhow.com/','Do Follow','Technology,',55,54,NULL,30,63759,'.com','No','English,',60,'No, Content Not Included',10,NULL,'No',NULL,'Permanent',5,'No','',NULL,NULL,NULL,'2021-01-06 08:00:42','2021-07-19 15:10:53',NULL,'PENDING','No','https://www.solutionhow.com/en-us/education/6-golden-rules-of-ui-ux-design/','https://www.solutionhow.com/en-us/web-designing/designing-with-accessibility-in-mind-tips-for-freelance-web-designers/',1),(107,6,'business2community.com','https://www.business2community.com/','Do Follow','Business and Finance,',86,89,NULL,180,7357,'.com','No','English,',150,'No, Content Not Included',10,NULL,'No',NULL,'Permanent',6,'No','',NULL,NULL,NULL,'2021-01-06 08:03:53','2021-07-19 15:11:39',NULL,'PENDING','No','https://www.business2community.com/blogging/9-essential-blogging-tips-for-business-generate-more-traffic-today-02418277?traffic_source=Connatix','https://www.business2community.com/human-resources/7-reasons-why-your-company-needs-an-engaged-workforce-02419395',1),(108,6,'iacquireexpert.com','http://www.iacquireexpert.com/','Do Follow','General: Multi-Niche,',54,39,NULL,1,311880,'.com','No','English,',30,'No, Content Not Included',10,NULL,'No',NULL,'Permanent',5,'No','',NULL,NULL,NULL,'2021-01-06 08:05:08','2021-07-20 14:12:48',NULL,'PENDING','No','https://www.iacquireexpert.com/6-simple-ways-to-reduce-screen-time/','https://www.iacquireexpert.com/garden-equipment-storage-ideas/',1),(109,11,'https://www.insightssuccess.com/','https://www.insightssuccess.com/','Do Follow','Business and Finance,',NULL,67,NULL,50,6101207,'.com','Yes','English,',100,'No, Content Not Included',10,NULL,'Yes',150,'Permanent',5,'No','',NULL,NULL,NULL,'2021-07-05 14:54:42','2021-07-05 14:58:59',NULL,'APPROVED','No','https://www.insightssuccess.com/all-you-need-to-know-about-offshoring-models-and-how-to-choose-the-right-one/','https://www.insightssuccess.com/deltaconx-unifying-regulatory-compliance/',NULL),(110,6,'solutionsuggest.com','https://solutionsuggest.com/','Do Follow','Technology,',28,55,NULL,32,123237,'.com','No','English,',70,'No, Content Not Included',10,NULL,'No',NULL,'Permanent',5,'No','',NULL,NULL,NULL,'2021-07-14 18:22:20','2021-07-19 15:13:24',NULL,'PENDING','No','https://solutionsuggest.com/airpods-alternatives/','https://solutionsuggest.com/clubhouse-alternatives-competitors/',1),(111,6,'insightssuccess.in','https://www.insightssuccess.in/','Do Follow','Business and Finance,Technology,',48,72,NULL,11,69473,'.in','No','English,',100,'No, Content Not Included',10,NULL,'No',NULL,'Permanent',5,'No','',NULL,NULL,NULL,'2021-07-14 19:35:03','2021-07-19 15:13:44',NULL,'PENDING','No','https://www.insightssuccess.in/reverting-to-windows-10-wont-be-a-problem-but-there-is-a-catch/','https://www.insightssuccess.in/amazon-can-now-track-your-sleep-with-radar/',1),(112,6,'chandigarhmetro.com','https://chandigarhmetro.com/','Do Follow','Business and Finance,Education,Technology,',42,55,NULL,49,99723,'.com','No','English,',130,'No, Content Not Included',10,NULL,'No',NULL,'Permanent',5,'No','',NULL,NULL,NULL,'2021-07-15 19:06:42','2021-07-15 19:06:42',NULL,'PENDING','No','https://chandigarhmetro.com/how-ed-tech-platforms-are-helping-aspirants-to-crack-competitive-exams/','https://chandigarhmetro.com/deyga-the-dynamic-revival-of-indian-beauty-tradition/',1),(113,6,'twin-cities.umn.edu','https://twin-cities.umn.edu/','Do Follow','Education,',91,91,NULL,101,2945,'.umn.edu','No','English,',60,'No, Content Not Included',10,NULL,'No',NULL,'Permanent',5,'No','',NULL,NULL,NULL,'2021-07-15 20:13:43','2021-07-20 14:14:33',NULL,'PENDING','No','https://twin-cities.umn.edu/news-events/new-student-group-explores-rural-health-issues','https://twin-cities.umn.edu/news-events/combining-interests-create-unique-research',1),(114,6,'wboc.com','https://www.wboc.com/','Do Follow','Government and Politics,',77,76,NULL,117,28689,'.com','No','English,',60,'No, Content Not Included',10,NULL,'No',NULL,'Permanent',5,'No','',NULL,NULL,NULL,'2021-07-16 16:11:42','2021-07-19 15:15:34',NULL,'PENDING','No','https://www.wboc.com/story/44319362/md-gunman-found-criminally-responsible-for-killing-5-at-paper','https://www.wboc.com/story/44323951/worcester-nonprofit-seeking-school-supply-donations-and-student-sponsors',22),(115,6,'business401k.us','https://www.business401k.us/','Do Follow','Business and Finance,',31,30,NULL,1,2169764,'.us','No','English,',50,'No, Content Not Included',10,NULL,'No',NULL,'Permanent',5,'No','','info@business401k.com',NULL,NULL,'2021-07-18 17:20:20','2021-07-18 17:25:19',NULL,'PENDING','No','https://www.business401k.us/b2c-marketing/4-tips-to-improve-the-effectiveness-of-your-corporate-training.html','https://www.business401k.us/business-technology/how-does-reverse-phone-lookup-work.html',22),(116,6,'techcrack.net','https://techcrack.net/','Do Follow','Business and Finance,',17,49,NULL,1,1685205,'.net','No','English,',60,'No, Content Not Included',10,NULL,'No',NULL,'Permanent',5,'No','','manthandudeja@gmail.com',NULL,NULL,'2021-07-18 17:24:34','2021-07-18 17:24:34',NULL,'PENDING','No','https://techcrack.net/what-you-should-know-about-react-native/','https://techcrack.net/5-essential-services-sydney-businesses-need/',11),(117,6,'businesspartnermagazine.com','https://businesspartnermagazine.com/','Do Follow','Business and Finance,Technology,',33,58,NULL,4,49061,'.com','No','English,',70,'No, Content Not Included',10,NULL,'No',NULL,'Permanent',5,'No','','info@businesspartnermagazine.com',NULL,NULL,'2021-07-18 17:30:35','2021-07-18 17:30:35',NULL,'PENDING','No','https://businesspartnermagazine.com/how-attract-customers-micro-business/','https://businesspartnermagazine.com/how-improve-guest-satisfaction-increase-retention/',1),(118,6,'wowgold-it.com','https://wowgold-it.com/','Do Follow','Business and Finance,Technology,',29,36,NULL,3,417864,'.com','No','English,',70,'No, Content Not Included',10,NULL,'No',NULL,'Permanent',5,'No','',NULL,NULL,NULL,'2021-07-18 17:33:33','2021-07-18 17:33:33',NULL,'PENDING','No','https://wowgold-it.com/putlocker9/','https://wowgold-it.com/sites-like-couchtuner/',28),(119,6,'strategydriven.com','https://www.strategydriven.com/','Do Follow','Business and Finance,',34,49,NULL,1,245870,'.com','No','English,',70,'No, Content Not Included',10,NULL,'No',NULL,'Permanent',5,'No','',NULL,NULL,NULL,'2021-07-18 17:38:54','2021-07-18 17:38:54',NULL,'PENDING','No','https://www.strategydriven.com/2021/07/17/9-things-your-business-needs-for-protection/','https://www.strategydriven.com/2021/07/16/how-nurses-can-be-appreciated-for-their-hard-work-in-the-workplace/',11),(120,6,'blizg.com','https://www.blizg.com/','Do Follow','Business and Finance,Technology,',41,56,NULL,1,505647,'.com','No','English,',80,'No, Content Not Included',10,NULL,'No',NULL,'Permanent',5,'No','',NULL,NULL,NULL,'2021-07-18 17:48:50','2021-07-18 17:48:50',NULL,'PENDING','No','https://www.blizg.com/simple-measures-to-gain-a-competitive-advantage-for-your-small-business/','https://www.blizg.com/how-apps-make-driving-simpler-8-useful-applications-for-drivers/',1),(121,6,'aivanet.com','https://www.aivanet.com/','Do Follow','Business and Finance,Technology,',49,41,NULL,1,231136,'.com','No','English,',80,'No, Content Not Included',10,NULL,'No',NULL,'Permanent',5,'No','',NULL,NULL,NULL,'2021-07-18 17:51:25','2021-07-18 17:51:25',NULL,'PENDING','No','https://www.aivanet.com/2021/07/gurman-redesigned-macbook-pros-to-launch-between-september-and-november/','https://www.aivanet.com/2021/07/from-the-editors-desk-were-imagining-android-17-on-the-pixel-6/',11),(122,6,'tampabaynewswire.com','https://www.tampabaynewswire.com/','Do Follow','Government and Politics,',47,61,NULL,13,119087,'.com','No','English,',90,'No, Content Not Included',10,NULL,'No',NULL,'Permanent',5,'No','',NULL,NULL,NULL,'2021-07-18 17:54:14','2021-07-18 17:54:14',NULL,'PENDING','No','https://www.tampabaynewswire.com/2021/07/18/sarasota-county-to-host-statewide-lifeguard-competition-99686','https://www.tampabaynewswire.com/2021/07/18/new-cstb-job-center-opens-in-brandon-on-july-19-2021-99681',1),(123,6,'myfrugalbusiness.com','https://www.myfrugalbusiness.com/','Do Follow','Business and Finance,SEO and Digital Marketing,Technology,',42,59,NULL,4,81026,'.com','No','English,',100,'No, Content Not Included',10,NULL,'No',NULL,'Permanent',5,'No','','mikeschiemer@gmail.com',NULL,NULL,'2021-07-18 17:57:37','2021-07-18 17:57:37',NULL,'PENDING','No','https://www.myfrugalbusiness.com/2021/07/money-saving-tactics-for-new-entrepreneurs.html','https://www.myfrugalbusiness.com/2018/10/top-10-mlm-companies-network-marketing.html',1),(124,6,'mikegingerich.com','https://www.mikegingerich.com/','Do Follow','Business and Finance,',59,61,NULL,8,45092,'.com','No','English,',100,'No, Content Not Included',10,NULL,'No',NULL,'Permanent',5,'No','','mikeschiemer@gmail.com',NULL,NULL,'2021-07-18 17:59:59','2021-07-18 17:59:59',NULL,'PENDING','No','https://www.mikegingerich.com/blog/15-ways-to-make-money-during-lockdown/','https://www.mikegingerich.com/blog/profitable-small-businesses-you-can-start-as-a-computer-engineer/',NULL),(125,6,'erikchristianjohnson.com','https://erikchristianjohnson.com/','Do Follow','Business and Finance,SEO and Digital Marketing,Technology,',36,37,NULL,1,321608,'.com','No','English,',80,'No, Content Not Included',10,NULL,'No',NULL,'Permanent',5,'No','','mikeschiemer@gmail.com',NULL,NULL,'2021-07-18 18:02:35','2021-07-18 18:02:35',NULL,'PENDING','No','https://erikchristianjohnson.com/booming-businesses-ideas-starting-own-company/','https://erikchristianjohnson.com/10-business-niches-with-a-bright-future/',1),(126,6,'azbigmedia.com','https://azbigmedia.com/','Do Follow','Business and Finance,',64,77,NULL,126,26717,'.com','No','English,',140,'No, Content Not Included',10,NULL,'No',NULL,'Permanent',5,'No','','amy.lindsey@azbigmedia.com',NULL,NULL,'2021-07-18 18:05:59','2021-07-18 18:05:59',NULL,'PENDING','No','https://azbigmedia.com/real-estate/residential-real-estate/heres-how-millennials-are-creating-trends-in-home-buying-market/','https://azbigmedia.com/business/most-influential-women-beth-mcdonald-kez-99-9/',1),(127,6,'smallbizclub.com','https://smallbizclub.com/','Do Follow','Business and Finance,Technology,',45,64,NULL,3,129124,'.com','No','English,',180,'No, Content Not Included',10,NULL,'No',NULL,'Permanent',5,'No','','editor@smallbizclub.com',NULL,NULL,'2021-07-18 18:08:31','2021-07-18 18:08:31',NULL,'PENDING','No','https://smallbizclub.com/run-and-grow/5-things-to-consider-when-choosing-product-packaging-for-your-food-business/','https://smallbizclub.com/run-and-grow/how-to-save-on-operational-costs-without-sacrificing-quality/',1),(128,6,'small-bizsense.com','https://small-bizsense.com','Do Follow','Business and Finance,',45,64,NULL,6,84144,'.com','No','English,',90,'No, Content Not Included',10,NULL,'No',NULL,'Permanent',5,'No','','torkad@gmail.com',NULL,NULL,'2021-07-18 18:11:08','2021-07-18 18:11:08',NULL,'PENDING','No','https://small-bizsense.com/financial-strategies-for-life-after-serving-the-military/','https://small-bizsense.com/is-the-construction-industry-a-safe-career/',1),(129,6,'techwalls.com','https://www.techwalls.com/','Do Follow','Technology,',61,55,NULL,44,37144,'.com','No','English,',370,'No, Content Not Included',10,NULL,'No',NULL,'Permanent',5,'No','','ricky@techwalls.com',NULL,NULL,'2021-07-18 18:17:02','2021-07-18 18:17:02',NULL,'PENDING','No','https://www.techwalls.com/keepsolid-dns-firewall-bullet-proof-solution-online-world/','https://www.techwalls.com/viribright-led-desk-lamp-review/',1),(130,6,'techengage.com','https://techengage.com/','Do Follow','Technology,',75,69,NULL,32,74824,'.com','No','English,',300,'No, Content Not Included',10,NULL,'No',NULL,'Permanent',5,'No','','jazib@techengage.com',NULL,NULL,'2021-07-18 18:19:24','2021-07-18 18:19:24',NULL,'PENDING','No','https://techengage.com/twitter-is-killing-fleets/','https://techengage.com/xiaomi-overtakes-apple-as-second-largest-smartphone-maker-in-the-world/',1),(131,6,'knowtechie.com','https://knowtechie.com/','Do Follow','Technology,',60,71,NULL,33,57722,'.com','No','English,',200,'No, Content Not Included',10,NULL,'No',NULL,'Permanent',5,'No','',NULL,NULL,NULL,'2021-07-18 18:22:03','2021-07-18 18:22:03',NULL,'PENDING','No','https://knowtechie.com/google-now-lets-you-delete-the-last-15-minutes-of-your-search-history-heres-how-to-do-it/','https://knowtechie.com/if-you-own-a-chevy-bolt-dont-charge-overnight-your-car-might-catch-on-fire/',1),(132,6,'techprevue.com','https://www.techprevue.com/','Do Follow','SEO and Digital Marketing,Technology,',78,57,NULL,72,31591,'.com','No','English,',450,'No, Content Not Included',10,NULL,'No',NULL,'Permanent',5,'No','','techprevue@yahoo.com',NULL,NULL,'2021-07-18 18:24:26','2021-07-18 18:24:26',NULL,'PENDING','No','https://www.techprevue.com/create-a-blog-with-wordpress/','https://www.techprevue.com/how-to-hide-youtube-subscribers/',1),(133,6,'tetongravity.com','https://www.tetongravity.com','Do Follow','General: Multi-Niche,',70,73,NULL,48,49950,'.com','No','English,',180,'No, Content Not Included',10,NULL,'No',NULL,'Permanent',5,'No','','editor@tetongravity.com',NULL,NULL,'2021-07-18 18:38:25','2021-07-18 18:38:25',NULL,'PENDING','No','https://www.tetongravity.com/story/gear-tech/tgr-tested-dynafit-radical-boot','https://www.tetongravity.com/story/gear-tech/tgr-tested-womens-spring-backcountry-skiing-favorites1',33),(134,6,'cordoba.substack.com','https://cordoba.substack.com/','Do Follow','Business and Finance,Technology,',80,90,NULL,1,1867,'.substack.com','No','English,',180,'No, Content Not Included',10,NULL,'No',NULL,'Permanent',5,'No','',NULL,NULL,NULL,'2021-07-18 18:41:35','2021-07-18 18:41:35',NULL,'PENDING','No','https://cordoba.substack.com/p/ipad-models-comparison-a-detailed','https://cordoba.substack.com/p/hurt-at-work-what-you-need-to-know',22),(135,6,'techrrival.com','https://techrrival.com/','Do Follow','Business and Finance,Technology,',39,40,NULL,86,54563,'.com','No','English,',350,'No, Content Not Included',10,NULL,'No',NULL,'Permanent',5,'No','','techarrival@outlook.com',NULL,NULL,'2021-07-18 18:43:58','2021-07-18 18:43:58',NULL,'PENDING','No','https://techrrival.com/games-like-world-of-warcraft/','https://techrrival.com/best-torrent-apps-for-android/',1),(136,6,'ilounge.com','https://www.ilounge.com/','Do Follow','Technology,',83,74,NULL,224,46015,'.com','No','English,',180,'No, Content Not Included',10,NULL,'No',NULL,'Permanent',5,'No','','ads@ilounge.com',NULL,NULL,'2021-07-18 18:46:22','2021-07-18 18:46:22',NULL,'PENDING','No','https://www.ilounge.com/news/apple-uk-market-patent-dispute','https://www.ilounge.com/news/apps/apple-music/us-veterans-and-military-can-get-4-months-apple-music-for-free',1),(137,6,'itechpost.com','http://www.itechpost.com/','Do Follow','Technology,',66,68,NULL,78,60775,'.com','No','English,',300,'No, Content Not Included',10,NULL,'No',NULL,'Permanent',5,'No','','info@itechpost.com',NULL,NULL,'2021-07-18 18:48:07','2021-07-18 18:48:07',NULL,'PENDING','No','https://www.itechpost.com/articles/106377/20210716/iphone-13-colors-pro-variant-leaked-new-proof-september-release.htm','https://www.itechpost.com/articles/106381/20210717/nasa-starliner-launch-mission-details-where-watch-boeing-orbital-flight.htm',1),(138,6,'startup.info','https://startup.info/','Do Follow','Business and Finance,',51,72,NULL,24,27827,'.info','No','English,',250,'No, Content Not Included',10,NULL,'No',NULL,'Permanent',5,'No','',NULL,NULL,NULL,'2021-07-18 18:50:38','2021-07-18 18:51:26',NULL,'PENDING','No','https://startup.info/zoom-fatigue-10-top-treatments/','https://startup.info/sponsored-posts/',11),(139,6,'techtodayinfo.com','https://www.techtodayinfo.com/','Do Follow','Technology,',49,59,NULL,2,81028,'.com','No','English,',180,'No, Content Not Included',10,NULL,'No',NULL,'Permanent',5,'No','','techtodayinfo9@gmail.com',NULL,NULL,'2021-07-18 18:54:13','2021-07-18 18:54:13',NULL,'PENDING','No','https://www.techtodayinfo.com/how-technology-is-changing-in-the-automobile-industry/','https://www.techtodayinfo.com/the-olympics-and-japans-covid-problem/',1),(140,6,'semimd.com','https://semimd.com/','Do Follow','Food and Drink,Health,Pets,',49,42,NULL,1,264079,'.com','No','English,',80,'No, Content Not Included',10,NULL,'No',NULL,'Permanent',5,'No','','duleweboffice@opptrends.com',NULL,NULL,'2021-07-19 17:26:01','2021-07-19 17:26:01',NULL,'PENDING','No','https://semimd.com/best-home-exercises/','https://semimd.com/signs-see-orthopedic-specialist/',17),(141,6,'cookinginstilettos.com','https://cookinginstilettos.com/','Do Follow','Food and Drink,',47,42,NULL,1,664923,'.com','No','English,',80,'No, Content Not Included',10,NULL,'No',NULL,'Permanent',5,'No','','kravitzcj@gmail.com',NULL,NULL,'2021-07-19 17:37:30','2021-07-19 17:37:30',NULL,'PENDING','No','https://cookinginstilettos.com/celebrating-cocktailday-with-an-egyptian-martini/','https://cookinginstilettos.com/ways-of-cooking-with-wine-and-how-it-makes-food-taste-better/',1),(142,6,'healthcarereformmagazine.com','https://www.healthcarereformmagazine.com/','Do Follow','Health,',36,35,NULL,1,380457,'.com','No','English,',70,'No, Content Not Included',10,NULL,'No',NULL,'Permanent',5,'No','','kravitzcj@gmail.comm',NULL,NULL,'2021-07-19 17:40:06','2021-07-19 17:40:06',NULL,'PENDING','No','https://www.healthcarereformmagazine.com/conditions-orthopedic-doctors-treat/','https://www.healthcarereformmagazine.com/home-fitness-machines-high-intensity-interval-training-hiit/',1),(143,6,'elmens.com','https://www.elmens.com/','Do Follow','General: Multi-Niche,',38,50,NULL,2,70594,'.com','No','English,',70,'No, Content Not Included',10,NULL,'No',NULL,'Permanent',5,'No','','info@elmens.com',NULL,NULL,'2021-07-19 17:42:47','2021-07-19 17:42:47',NULL,'PENDING','No','https://www.elmens.com/health/three-ways-a-potent-natural-remedy-can-help-you-have-healthy-feet/','https://www.elmens.com/business/finance/steps-for-buying-crypto-in-the-bullish-markets/',1),(144,6,'womenfitnessmag.com','http://www.womenfitnessmag.com/','Do Follow','Food and Drink,Health,',40,46,NULL,1,71003,'.com','No','English,',80,'No, Content Not Included',10,NULL,'No',NULL,'Permanent',5,'No','','Contact@womenfitnessmag.com',NULL,NULL,'2021-07-19 17:45:29','2021-07-19 17:45:29',NULL,'PENDING','No','https://womenfitnessmag.com/significant-list-of-technologies-that-will-design-dentistry-future/','https://womenfitnessmag.com/dealing-with-burnout-5-tips-for-busy-women/',1),(145,6,'healthcareguys.com','https://www.healthcareguys.com/','Do Follow','Health,',34,52,NULL,2,121325,'.com','No','English,',90,'No, Content Not Included',10,NULL,'No',NULL,'Permanent',5,'No','','radhika.narayanan@netspective.org',NULL,NULL,'2021-07-19 17:52:53','2021-07-19 17:52:53',NULL,'PENDING','No','https://www.medigy.com/news/2020/12/22/medicalfuturist-our-favourite-digital-health-articles-of-2020/','https://www.medigy.com/news/2020/12/22/healthcareitnews-top-10-ehr-stories-of-2020/',1),(146,6,'5bestthings.com','https://5bestthings.com/','Do Follow','General: Multi-Niche,',38,51,NULL,1,95206,'.com','No','English,',90,'No, Content Not Included',10,NULL,'No',NULL,'Permanent',5,'No','','info@5bestthings.com',NULL,NULL,'2021-07-19 17:56:20','2021-07-19 17:56:20',NULL,'PENDING','No','https://5bestthings.com/should-freelance-writers-be-worried-about-ai-powered-writing-tools/','https://5bestthings.com/10-educational-websites-to-explore-in-your-free-time/',39),(147,6,'bloggingheros.com','https://bloggingheros.com/','Do Follow','General: Multi-Niche,',56,39,NULL,1,136941,'.com','No','English,',80,'No, Content Not Included',10,NULL,'No',NULL,'Permanent',5,'No','','info@bloggingheros.com',NULL,NULL,'2021-07-19 18:16:16','2021-07-19 18:16:16',NULL,'PENDING','No','https://bloggingheros.com/tips-to-help-pack-your-kitchen-for-moving/','https://bloggingheros.com/top-7-education-apps-in-india-for-online-learning/',11),(148,6,'yegfitness.ca','https://yegfitness.ca/','Do Follow','Health,',37,48,NULL,1,183572,'.ca','No','English,',100,'No, Content Not Included',10,NULL,'No',NULL,'Permanent',5,'No','',NULL,NULL,NULL,'2021-07-19 18:19:01','2021-07-19 18:19:01',NULL,'PENDING','No','https://yegfitness.ca/7-best-exercises-to-help-knee-pain/','https://yegfitness.ca/this-is-our-moment-to-re-ignite-the-fitness-industry/',1),(149,6,'worldofmedicalsaviours.com','https://worldofmedicalsaviours.com/','Do Follow','Food and Drink,Health,',60,43,NULL,14,168119,'.com','No','English,',90,'No, Content Not Included',10,NULL,'No',NULL,'Permanent',5,'No','',NULL,NULL,NULL,'2021-07-19 18:21:20','2021-07-19 18:21:20',NULL,'PENDING','No','https://worldofmedicalsaviours.com/jawline-exercises/','https://worldofmedicalsaviours.com/jaggery-nutrition-profile/',1),(150,6,'suntrics.com','https://suntrics.com/','Do Follow','General: Multi-Niche,',26,41,NULL,2,268326,'.com','No','English,',70,'No, Content Not Included',10,NULL,'No',NULL,'Permanent',5,'No','','suntrics4u@gmail.com',NULL,NULL,'2021-07-19 18:27:21','2021-07-19 18:27:21',NULL,'PENDING','No','https://suntrics.com/business-blogs/amazon-seller-tools/','https://suntrics.com/health-blogs/own-supplement-company/',1),(151,6,'techkrest.com','https://techkrest.com/','Do Follow','General: Multi-Niche,',60,34,NULL,1,201643,'.com','No','English,',70,'No, Content Not Included',10,NULL,'No',NULL,'Permanent',5,'No','',NULL,NULL,NULL,'2021-07-19 18:29:12','2021-07-19 18:29:12',NULL,'PENDING','No','https://techkrest.com/how-can-a-locksmith-make-a-key-from-a-lock/','https://techkrest.com/a-beginners-guide-how-to-copy-trade-on-bityard/',1),(152,6,'writeupcafe.com','https://writeupcafe.com/','Do Follow','General: Multi-Niche,',60,50,NULL,1,17596,'.com','No','English,',80,'No, Content Not Included',10,NULL,'No',NULL,'Permanent',5,'No','',NULL,NULL,NULL,'2021-07-19 18:44:02','2021-07-19 18:44:02',NULL,'PENDING','No','https://writeupcafe.com/start-a-blog/','https://writeupcafe.com/what-is-seo/',1),(153,6,'americanceliac.org','https://americanceliac.org/','Do Follow','Health,',60,45,NULL,1,380192,'.org','No','English,',60,'No, Content Not Included',10,NULL,'No',NULL,'Permanent',5,'No','',NULL,NULL,NULL,'2021-07-19 18:46:48','2021-07-19 18:46:48',NULL,'PENDING','No','https://americanceliac.org/dietary-supplements-health-energy/','https://americanceliac.org/how-to-treat-fire-ants-bites-home-remedies-soothing-get-rid/',1),(154,6,'soundhealthdoctor.com','https://soundhealthdoctor.com/','Do Follow','Health,',32,15,NULL,1,294478,'.com','No','English,',60,'No, Content Not Included',10,NULL,'No',NULL,'Permanent',5,'No','',NULL,NULL,NULL,'2021-07-19 18:49:00','2021-07-19 18:49:00',NULL,'PENDING','No','https://soundhealthdoctor.com/2021/03/primary-care-at-home.html','https://soundhealthdoctor.com/2021/07/preventative-measures-for-your-health.html',1),(155,6,'harcourthealth.com','https://harcourthealth.com/','Do Follow','Food and Drink,Health,',46,64,NULL,1,200915,'.com','No','English,',100,'No, Content Not Included',10,NULL,'No',NULL,'Permanent',5,'No','',NULL,NULL,NULL,'2021-07-19 19:05:26','2021-07-19 19:05:26',NULL,'PENDING','No','https://harcourthealth.com/maintaining-a-proper-diet/','https://harcourthealth.com/3-ways-that-clothing-choices-can-affect-your-overall-health/',1),(156,6,'humane.net','http://www.humane.net/','Do Follow','General: Multi-Niche,',51,41,NULL,1,1360566,'.net','No','English,',100,'No, Content Not Included',10,NULL,'No',NULL,'Permanent',5,'No','',NULL,NULL,NULL,'2021-07-19 19:07:13','2021-07-19 19:07:13',NULL,'PENDING','No','https://www.humane.net/2021/07/7-remarkable-american-birds-that-may-visit-your-backyard/','https://www.humane.net/2021/07/benefits-of-hiring-a-personal-injury-attorney/',1),(157,6,'naturalsearcher.com','https://naturalsearcher.com/','Do Follow','Food and Drink,Health,',56,32,NULL,1,1056665,'.com','No','English,',110,'No, Content Not Included',10,NULL,'No',NULL,'Permanent',5,'No','',NULL,NULL,NULL,'2021-07-19 19:12:58','2021-07-19 19:12:58',NULL,'PENDING','No','https://naturalsearcher.com/9-ways-to-stop-your-skin-from-aging/','https://naturalsearcher.com/securing-higher-paid-roles-in-nursing/',1),(158,6,'friendhood.net','http://www.friendhood.net/','Do Follow','Health,',36,31,NULL,1,1233477,'.net','No','English,',100,'No, Content Not Included',10,NULL,'No',NULL,'Permanent',5,'No','',NULL,NULL,NULL,'2021-07-19 19:14:56','2021-07-19 19:14:56',NULL,'PENDING','No','https://www.friendhood.net/5-reasons-to-work-out-at-home/','https://www.friendhood.net/3-tips-for-becoming-a-property-developer/',1),(159,6,'myreviewsnow.net','https://myreviewsnow.net','Do Follow','Health,',34,31,NULL,1,126201,'.net','No','English,',80,'No, Content Not Included',10,NULL,'No',NULL,'Permanent',5,'No','',NULL,NULL,NULL,'2021-07-19 19:16:39','2021-07-19 19:16:39',NULL,'PENDING','No','https://myreviewsnow.net/skin-conditions-a-comprehensive-explanation-of-melasma/','https://myreviewsnow.net/telehealth-solutions-to-beat-the-covid-19-pandemic/',1),(160,6,'wpallclub.com','https://wpallclub.com/','Do Follow','Web Design and Development,',30,68,NULL,3,101598,'.com','No','English,',200,'No, Content Not Included',10,NULL,'No',NULL,'Permanent',5,'No','',NULL,NULL,NULL,'2021-07-20 19:46:20','2021-07-20 19:46:20',NULL,'PENDING','No','https://wpallclub.com/adding-images-blog-imperative/','https://wpallclub.com/create-question-answer-page-on-wordpress/',1),(161,6,'wpreset.com','https://wpreset.com/','Do Follow','Web Design and Development,',54,74,NULL,1,90059,'.com','No','English,',420,'No, Content Not Included',10,NULL,'No',NULL,'Permanent',5,'No','','business@webfactoryltd.com',NULL,NULL,'2021-07-20 19:52:04','2021-07-20 19:52:04',NULL,'PENDING','No','https://wpreset.com/keep-website-ada-compliant/','https://wpreset.com/how-choice-of-web-host-affect-speed-of-site-and-marketing-strategy/',1),(162,6,'wpnewsify.com','https://wpnewsify.com/','Do Follow','Web Design and Development,',54,64,NULL,1,82596,'.com','No','English,',250,'No, Content Not Included',10,NULL,'No',NULL,'Permanent',5,'No','','business@webfactoryltd.com',NULL,NULL,'2021-07-20 19:54:01','2021-07-20 19:54:01',NULL,'PENDING','No','https://wpnewsify.com/blog/younger-generations-digital-interactions-more-memorable-than-in-person/','https://wpnewsify.com/blog/reasons-entrepreneur-benefit-from-business-coach/',1),(163,6,'enstinemuki.com','https://enstinemuki.com/','Do Follow','SEO and Digital Marketing,Web Design and Development,',58,54,NULL,3,96688,'.com','No','English,',230,'No, Content Not Included',10,NULL,'No',NULL,'Permanent',5,'No','','business@webfactoryltd.com',NULL,NULL,'2021-07-20 19:56:38','2021-07-20 19:56:38',NULL,'PENDING','No','https://enstinemuki.com/creating-online-courses-wordpress-themes/','https://enstinemuki.com/ecommerce-why-flyers-super-effective/',1),(164,6,'themecircle.net','https://www.themecircle.net/','Do Follow','Web Design and Development,',58,79,NULL,1,129136,'.net','No','English,',220,'No, Content Not Included',10,NULL,'No',NULL,'Permanent',5,'No','','business@webfactoryltd.com',NULL,NULL,'2021-07-20 19:58:54','2021-07-20 19:58:54',NULL,'PENDING','No','https://www.themecircle.net/shipping-for-ecommerce-carriers-how-to-pick-best/','https://www.themecircle.net/best-free-anonymous-email-services/',1),(165,6,'savethevideo.net','https://savethevideo.net/','Do Follow','Web Design and Development,',56,28,NULL,46,69714,'.net','No','English,',220,'No, Content Not Included',10,NULL,'No',NULL,'Permanent',5,'No','','business@webfactoryltd.com',NULL,NULL,'2021-07-20 20:02:22','2021-07-20 20:02:22',NULL,'PENDING','No','https://savethevideo.net/blog/best-email-tracker-apps-2021/','https://savethevideo.net/blog/best-youtube-banner-makers/',11),(166,6,'unitconversion.io','https://unitconversion.io/','Do Follow','SEO and Digital Marketing,Web Design and Development,',67,28,NULL,73,293026,'.io','No','English,',220,'No, Content Not Included',10,NULL,'No',NULL,'Permanent',5,'No','','business@webfactoryltd.com',NULL,NULL,'2021-07-20 20:05:03','2021-07-20 20:05:03',NULL,'PENDING','No','https://unitconversion.io/blog/why-learning-digital-marketing-is-good-idea/','https://unitconversion.io/blog/best-email-tracker-apps/',1),(167,6,'dailyhostnews.com','https://www.dailyhostnews.com/','Do Follow','SEO and Digital Marketing,Web Design and Development,',38,60,NULL,2,199755,'.com','No','English,',200,'No, Content Not Included',10,NULL,'No',NULL,'Permanent',5,'No','',NULL,NULL,NULL,'2021-07-20 20:08:43','2021-07-20 20:08:43',NULL,'PENDING','No','https://www.dailyhostnews.com/how-to-find-secure-web-hosting-platforms-on-a-budget','https://www.dailyhostnews.com/how-to-make-custom-merchandise-more-appealing',1),(168,6,'premio.io','https://premio.io','Do Follow','SEO and Digital Marketing,Web Design and Development,',33,83,NULL,1,63980,'.io','No','English,',180,'No, Content Not Included',10,NULL,'No',NULL,'Permanent',5,'No','',NULL,NULL,NULL,'2021-07-20 20:13:24','2021-07-20 20:13:24',NULL,'PENDING','No','https://premio.io/10-everyday-expenses-when-starting-an-ecommerce-store/','https://premio.io/promote-blog-after-publication/',1),(169,6,'saasgenius.com','https://www.saasgenius.com/','Do Follow','SEO and Digital Marketing,Web Design and Development,',39,56,NULL,3,106445,'.com','No','English,',180,'No, Content Not Included',10,NULL,'No',NULL,'Permanent',5,'No','','contact@saasgenius.com',NULL,NULL,'2021-07-21 12:54:40','2021-07-21 12:54:40',NULL,'PENDING','No','https://www.saasgenius.com/blog/how-video-presentation-boxes-impacts-brand-awareness','https://www.saasgenius.com/blog/telemedicine-and-telehealth-what-difference',1),(170,6,'wpsauce.com','https://wpsauce.com/','Do Follow','Web Design and Development,',47,63,NULL,1,248280,'.com','No','English,',180,'No, Content Not Included',10,NULL,'No',NULL,'Permanent',5,'No','','business@webfactoryltd.com',NULL,NULL,'2021-07-21 12:56:26','2021-07-21 12:56:26',NULL,'PENDING','No','https://wpsauce.com/lazy-load-plugins/','https://wpsauce.com/deliver-dynamic-content-to-visitors-based-on-actions/',1),(171,6,'underconstructionpage.com','https://underconstructionpage.com/','Do Follow','SEO and Digital Marketing,Web Design and Development,',59,81,NULL,2,106125,'.com','No','English,',180,'No, Content Not Included',10,NULL,'No',NULL,'Permanent',5,'No','','business@webfactoryltd.com',NULL,NULL,'2021-07-21 12:59:13','2021-07-21 12:59:13',NULL,'PENDING','No','https://underconstructionpage.com/hire-seo-agency/','https://underconstructionpage.com/running-business-from-home-keep-team-spirit-high-tips/',1),(172,6,'mywptips.com','https://mywptips.com/','Do Follow','SEO and Digital Marketing,Web Design and Development,',61,35,NULL,1,274428,'.com','No','English,',180,'No, Content Not Included',10,NULL,'No',NULL,'Permanent',5,'No','','business@webfactoryltd.com',NULL,NULL,'2021-07-21 13:01:13','2021-07-21 13:01:13',NULL,'PENDING','No','https://mywptips.com/mobile-device-vpn/','https://mywptips.com/add-loading-animation-to-wordpress-site/',1),(173,6,'webfactoryltd.com','https://www.webfactoryltd.com/','Do Follow','SEO and Digital Marketing,Web Design and Development,',56,66,NULL,1,183039,'.com','No','English,',190,'No, Content Not Included',10,NULL,'No',NULL,'Permanent',5,'No','','business@webfactoryltd.com',NULL,NULL,'2021-07-21 13:03:36','2021-07-21 13:03:36',NULL,'PENDING','No','https://www.webfactoryltd.com/blog/web-design-changing-in-new-conditions-study/','https://www.webfactoryltd.com/blog/startup-ideation-tools/',1),(174,6,'navthemes.com','https://www.navthemes.com/','Do Follow','SEO and Digital Marketing,Web Design and Development,',63,75,NULL,1,347970,'.com','No','English,',200,'No, Content Not Included',10,NULL,'No',NULL,'Permanent',5,'No','',NULL,NULL,NULL,'2021-07-21 13:13:55','2021-07-21 13:13:55',NULL,'PENDING','No','https://www.navthemes.com/move-wordpress-featured-images-with-post/','https://www.navthemes.com/develop-seo-strategy-start-getting-clicks-from-google/',1),(175,6,'resizemyimg.com','https://resizemyimg.com/','Do Follow','SEO and Digital Marketing,Web Design and Development,',53,53,NULL,2,263613,'.com','No','English,',180,'No, Content Not Included',10,NULL,'No',NULL,'Permanent',5,'No','',NULL,NULL,NULL,'2021-07-21 13:16:17','2021-07-21 13:16:17',NULL,'PENDING','No','https://resizemyimg.com/blog/how-to-implement-augmented-reality-to-your-marketing-strategy/','https://resizemyimg.com/blog/best-paypal-alternatives/',1),(176,6,'tidyrepo.com','https://tidyrepo.com/','Do Follow','SEO and Digital Marketing,Web Design and Development,',57,57,NULL,1,237188,'.com','No','English,',180,'No, Content Not Included',10,NULL,'No',NULL,'Permanent',5,'No','',NULL,NULL,NULL,'2021-07-21 13:17:45','2021-07-21 13:17:45',NULL,'PENDING','No','https://tidyrepo.com/wcfm-frontend-manager-for-woocommerce-along-with-bookings-subscription-listings-compatible/','https://tidyrepo.com/ways-to-improve-user-engagement-and-satisfaction/',1),(177,6,'wppluginsify.com','https://wppluginsify.com/','Do Follow','SEO and Digital Marketing,Web Design and Development,',53,46,NULL,1,189535,'.com','No','English,',180,'No, Content Not Included',10,NULL,'No',NULL,'Permanent',5,'No','',NULL,NULL,NULL,'2021-07-21 13:20:05','2021-07-21 13:20:05',NULL,'PENDING','No','https://wppluginsify.com/blog/best-startup-ideation-tools/','https://wppluginsify.com/blog/email-signature-software/',1),(178,6,'wp301redirects.com','https://wp301redirects.com/','Do Follow','SEO and Digital Marketing,Web Design and Development,',54,72,NULL,1,235563,'.com','No','English,',180,'No, Content Not Included',10,NULL,'No',NULL,'Permanent',5,'No','',NULL,NULL,NULL,'2021-07-21 13:28:23','2021-07-21 13:28:23',NULL,'PENDING','No','https://wp301redirects.com/top-affiliate-marketing-tools/','https://wp301redirects.com/best-text-to-speech-software-2021/',11),(179,6,'thebetterwebmovement.com','https://thebetterwebmovement.com/','Do Follow','SEO and Digital Marketing,Web Design and Development,',64,37,NULL,3,390569,'.com','No','English,',180,'No, Content Not Included',10,NULL,'No',NULL,'Permanent',5,'No','',NULL,NULL,NULL,'2021-07-21 13:30:39','2021-07-21 13:30:39',NULL,'PENDING','No','https://thebetterwebmovement.com/advertise-on-internet-budget-beginners-guide/','https://thebetterwebmovement.com/improving-b2b-lead-generation-tactics/',1),(180,6,'theguidex.com','https://theguidex.com/','Do Follow','SEO and Digital Marketing,Web Design and Development,',32,52,NULL,21,12983,'.com','No','English,',180,'No, Content Not Included',10,NULL,'No',NULL,'Permanent',5,'No','','hello@theguidex.com',NULL,NULL,'2021-07-21 13:33:52','2021-07-21 13:33:52',NULL,'PENDING','No','https://theguidex.com/business-marketing-101/','https://theguidex.com/how-to-build-a-website/',1),(181,6,'superbthemes.com','https://superbthemes.com/','Do Follow','Web Design and Development,',33,91,NULL,3,58340,'.com','No','English,',180,'No, Content Not Included',10,NULL,'No',NULL,'Permanent',5,'No','',NULL,NULL,NULL,'2021-07-21 13:39:13','2021-07-21 13:39:13',NULL,'PENDING','No','https://superbthemes.com/how-to-find-hidden-malware-on-your-wordpress-site/','https://superbthemes.com/best-free-seo-optimized-wordpress-themes/',1),(182,6,'justwp.org','http://justwp.org/','Do Follow','Web Design and Development,',26,40,NULL,1,1436336,'.org','No','English,',150,'No, Content Not Included',10,NULL,'No',NULL,'Permanent',5,'No','',NULL,NULL,NULL,'2021-07-21 13:41:51','2021-07-21 13:41:51',NULL,'PENDING','No','http://justwp.org/logos-for-your-inspiration/','http://justwp.org/blogged-the-free-wordpress-blog-setup/',11),(183,6,'financesonline.com','https://financesonline.com/','Do Follow','Business and Finance,',70,84,NULL,208,8271,'.com','No','English,',180,'No, Content Not Included',10,NULL,'No',NULL,'Permanent',5,'No','','support@financesonline.com',NULL,NULL,'2021-07-21 13:45:25','2021-07-21 13:45:25',NULL,'PENDING','No','https://financesonline.com/how-to-organize-your-finances-when-renting-a-property/','https://financesonline.com/top-20-payment-gateway-providers/',1),(184,6,'dailyexcelsior.com','https://www.dailyexcelsior.com/','Do Follow','General: Multi-Niche,',67,65,NULL,107,67145,'.com','No','English,',150,'No, Content Not Included',10,NULL,'No',NULL,'Permanent',5,'No','','editor@dailyexcelsior.com',NULL,NULL,'2021-07-21 13:48:16','2021-07-21 13:48:16',NULL,'PENDING','No','https://www.dailyexcelsior.com/biden-killing-people-remark-was-call-for-big-tech-to-act/','https://www.dailyexcelsior.com/infosys-to-set-up-new-centre-in-stuttgart-for-automotive-sector/',1),(185,6,'wpexplorer.com','https://www.wpexplorer.com/','Do Follow','Web Design and Development,',57,84,NULL,37,10236,'.com','No','English,',150,'No, Content Not Included',10,NULL,'No',NULL,'Permanent',5,'No','','hello@wpexplorer.com',NULL,NULL,'2021-07-21 13:50:38','2021-07-21 13:50:38',NULL,'PENDING','No','https://www.wpexplorer.com/failed-login-attempts-wordpress/','https://www.wpexplorer.com/create-blogging-schedule/',1),(186,6,'hubsadda.com','https://hubsadda.com/','Do Follow','SEO and Digital Marketing,Web Design and Development,',30,54,NULL,6,108512,'.com','No','English,',130,'No, Content Not Included',10,NULL,'No',NULL,'Permanent',5,'No','',NULL,NULL,NULL,'2021-07-21 14:10:18','2021-07-21 14:10:18',NULL,'PENDING','No','https://hubsadda.com/improve-your-seo-strategy-with-user-personas/','https://hubsadda.com/best-practices-for-successful-software-testing/',1),(187,6,'comingsoonwp.com','https://comingsoonwp.com/','Do Follow','SEO and Digital Marketing,Web Design and Development,',55,73,NULL,1,241189,'.com','No','English,',140,'No, Content Not Included',10,NULL,'No',NULL,'Permanent',5,'No','',NULL,NULL,NULL,'2021-07-21 14:14:00','2021-07-21 14:14:00',NULL,'PENDING','No','https://comingsoonwp.com/tools-infographics-online/','https://comingsoonwp.com/free-google-tools/',1),(188,6,'gmapswidget.com','https://www.gmapswidget.com/','Do Follow','SEO and Digital Marketing,Web Design and Development,',56,71,NULL,2,222974,'.com','No','English,',150,'No, Content Not Included',10,NULL,'No',NULL,'Permanent',5,'No','',NULL,NULL,NULL,'2021-07-21 14:16:22','2021-07-21 14:16:22',NULL,'PENDING','No','https://www.gmapswidget.com/integrate-logo-into-social-media-branding/','https://www.gmapswidget.com/reasons-why-flyers-are-important-for-business/',1),(189,6,'wpauthorbox.com','https://wpauthorbox.com/','Do Follow','Web Design and Development,',53,64,NULL,1,390506,'.com','No','English,',150,'No, Content Not Included',10,NULL,'No',NULL,'Permanent',5,'No','','business@webfactoryltd.com',NULL,NULL,'2021-07-21 14:19:04','2021-07-21 14:19:04',NULL,'PENDING','No','https://wpauthorbox.com/where-to-find-writers-for-blog/','https://wpauthorbox.com/best-wordpress-support-ticket-plugins/',1),(190,6,'sitepoint.com','https://www.sitepoint.com/','Do Follow','Web Design and Development,',87,87,NULL,377,6742,'.com','No','English,',120,'No, Content Not Included',10,NULL,'No',NULL,'Permanent',5,'No','','support@sitepoint.com',NULL,NULL,'2021-07-21 14:24:29','2021-07-21 14:24:29',NULL,'PENDING','No','https://www.sitepoint.com/using-python-parse-spreadsheet-data/','https://www.sitepoint.com/rust-global-variables/',1),(191,6,'saasmetrics.co','https://saasmetrics.co/','Do Follow','Gaming,General: Multi-Niche,',30,44,NULL,1,194917,'.co','No','English,',100,'No, Content Not Included',10,NULL,'No',NULL,'Permanent',5,'No','',NULL,NULL,NULL,'2021-07-21 14:26:31','2021-07-21 14:26:31',NULL,'PENDING','No','https://saasmetrics.co/game-features-you-should-try-at-online-casinos/','https://saasmetrics.co/top-5-cryptocurrency-jobs/',11),(192,6,'woblogger.com','https://www.woblogger.com/','Do Follow','Web Design and Development,',30,72,NULL,1,120503,'.com','No','English,',120,'No, Content Not Included',10,NULL,'No',NULL,'Permanent',5,'No','','content@woblogger.com',NULL,NULL,'2021-07-21 14:29:02','2021-07-21 14:29:02',NULL,'PENDING','No','https://www.woblogger.com/how-to-start-a-blog/','https://www.woblogger.com/get-1000-visitors-per-day/',1),(193,6,'wpoven.com','https://www.wpoven.com/','Do Follow','Web Design and Development,',32,56,NULL,32,39240,'.com','No','English,',100,'No, Content Not Included',10,NULL,'No',NULL,'Permanent',5,'No','','contact@wpoven.com',NULL,NULL,'2021-07-21 14:31:00','2021-07-21 14:31:00',NULL,'PENDING','No','https://www.wpoven.com/blog/how-to-monetize-a-blog/','https://www.wpoven.com/blog/block-website-on-chrome/',1),(194,6,'scratchinginfo.net','http://www.scratchinginfo.net/','Do Follow','Web Design and Development,',29,31,NULL,1,1068205,'.net','No','English,',60,'No, Content Not Included',10,NULL,'No',NULL,'Permanent',5,'No','',NULL,NULL,NULL,'2021-07-21 14:36:21','2021-07-21 14:36:21',NULL,'PENDING','No','http://www.scratchinginfo.net/running-your-ecommerce-business-efficiently-6-steps/','http://www.scratchinginfo.net/why-progressive-web-apps-are-the-future-of-web-development/',11);

--
-- Table structure for table `failed_jobs`
--

CREATE TABLE `failed_jobs` (
  `id` bigint(20) unsigned NOT NULL AUTO_INCREMENT,
  `uuid` varchar(255) COLLATE utf8mb4_unicode_ci NOT NULL,
  `connection` text COLLATE utf8mb4_unicode_ci NOT NULL,
  `queue` text COLLATE utf8mb4_unicode_ci NOT NULL,
  `payload` longtext COLLATE utf8mb4_unicode_ci NOT NULL,
  `exception` longtext COLLATE utf8mb4_unicode_ci NOT NULL,
  `failed_at` timestamp NOT NULL DEFAULT CURRENT_TIMESTAMP,
  PRIMARY KEY (`id`),
  UNIQUE KEY `failed_jobs_uuid_unique` (`uuid`)
) ENGINE=InnoDB DEFAULT CHARSET=utf8mb4 COLLATE=utf8mb4_unicode_ci;

--
-- Dumping data for table `failed_jobs`
--


--
-- Table structure for table `language`
--

CREATE TABLE `language` (
  `id` bigint(20) unsigned NOT NULL AUTO_INCREMENT,
  `name` varchar(255) COLLATE utf8mb4_unicode_ci NOT NULL,
  `created_at` timestamp NULL DEFAULT NULL,
  `updated_at` timestamp NULL DEFAULT NULL,
  `deleted_at` timestamp NULL DEFAULT NULL,
  PRIMARY KEY (`id`),
  UNIQUE KEY `language_name_unique` (`name`)
) ENGINE=InnoDB AUTO_INCREMENT=7 DEFAULT CHARSET=utf8mb4 COLLATE=utf8mb4_unicode_ci;

--
-- Dumping data for table `language`
--

INSERT INTO `language` VALUES (1,'English','2020-12-20 04:57:16','2020-12-20 04:57:16',NULL),(2,'Hindi','2020-12-20 04:57:16','2020-12-20 04:57:16',NULL),(3,'French','2020-12-20 04:57:16','2020-12-20 04:57:16',NULL),(4,'Dutch','2020-12-20 04:57:16','2020-12-20 04:57:16',NULL),(5,'German','2020-12-20 04:57:16','2020-12-20 04:57:16',NULL),(6,'Japanese','2020-12-20 04:57:16','2020-12-20 04:57:16',NULL);

--
-- Table structure for table `migrations`
--

CREATE TABLE `migrations` (
  `id` int(10) unsigned NOT NULL AUTO_INCREMENT,
  `migration` varchar(255) COLLATE utf8mb4_unicode_ci NOT NULL,
  `batch` int(11) NOT NULL,
  PRIMARY KEY (`id`)
) ENGINE=InnoDB AUTO_INCREMENT=22 DEFAULT CHARSET=utf8mb4 COLLATE=utf8mb4_unicode_ci;

--
-- Dumping data for table `migrations`
--

INSERT INTO `migrations` VALUES (1,'2014_10_12_000000_create_users_table',1),(2,'2014_10_12_100000_create_password_resets_table',1),(3,'2019_08_19_000000_create_failed_jobs_table',1),(4,'2020_10_10_133746_create_permission_tables',1),(5,'2020_10_11_104634_create_deals_table',1),(6,'2020_10_11_163647_create_request_table',1),(7,'2020_10_15_045738_create_book_table',1),(8,'2020_11_14_145535_create_category_table',1),(9,'2020_12_14_093916_create_language_table',1),(10,'2020_12_14_093951_create_tag_table',1),(11,'2021_01_04_181659_add_column_to_deals_table',2),(12,'2021_01_09_145534_create_cart_table',3),(13,'2021_01_14_181519_add_cols_to_deals_table',4),(14,'2021_01_17_144204_create_clients_table',5),(15,'2021_01_17_144326_create_client_list_table',5),(16,'2021_01_29_144438_add_cols_to_book_table',6),(17,'2021_06_29_135411_create_contact_table',7),(18,'2021_06_29_163916_create_custom_orders_table',7),(19,'2021_07_10_125911_add_status_to_users_table',8),(20,'2021_07_11_165928_add_cols_to_custom_orders_table',9),(21,'2021_07_11_172834_add_spam_score_to_deals_table',9);

--
-- Table structure for table `model_has_permissions`
--

CREATE TABLE `model_has_permissions` (
  `permission_id` bigint(20) unsigned NOT NULL,
  `model_type` varchar(255) COLLATE utf8mb4_unicode_ci NOT NULL,
  `model_id` bigint(20) unsigned NOT NULL,
  PRIMARY KEY (`permission_id`,`model_id`,`model_type`),
  KEY `model_has_permissions_model_id_model_type_index` (`model_id`,`model_type`),
  CONSTRAINT `model_has_permissions_permission_id_foreign` FOREIGN KEY (`permission_id`) REFERENCES `permissions` (`id`) ON DELETE CASCADE
) ENGINE=InnoDB DEFAULT CHARSET=utf8mb4 COLLATE=utf8mb4_unicode_ci;

--
-- Dumping data for table `model_has_permissions`
--


--
-- Table structure for table `model_has_roles`
--

CREATE TABLE `model_has_roles` (
  `role_id` bigint(20) unsigned NOT NULL,
  `model_type` varchar(255) COLLATE utf8mb4_unicode_ci NOT NULL,
  `model_id` bigint(20) unsigned NOT NULL,
  PRIMARY KEY (`role_id`,`model_id`,`model_type`),
  KEY `model_has_roles_model_id_model_type_index` (`model_id`,`model_type`),
  CONSTRAINT `model_has_roles_role_id_foreign` FOREIGN KEY (`role_id`) REFERENCES `roles` (`id`) ON DELETE CASCADE
) ENGINE=InnoDB DEFAULT CHARSET=utf8mb4 COLLATE=utf8mb4_unicode_ci;

--
-- Dumping data for table `model_has_roles`
--

INSERT INTO `model_has_roles` VALUES (1,'App\\Models\\User',1),(2,'App\\Models\\User',2),(2,'App\\Models\\User',3),(3,'App\\Models\\User',4),(2,'App\\Models\\User',5),(2,'App\\Models\\User',6),(2,'App\\Models\\User',7),(3,'App\\Models\\User',8),(3,'App\\Models\\User',9),(3,'App\\Models\\User',10),(3,'App\\Models\\User',11),(3,'App\\Models\\User',12);

--
-- Table structure for table `permissions`
--

CREATE TABLE `permissions` (
  `id` bigint(20) unsigned NOT NULL AUTO_INCREMENT,
  `name` varchar(255) COLLATE utf8mb4_unicode_ci NOT NULL,
  `guard_name` varchar(255) COLLATE utf8mb4_unicode_ci NOT NULL,
  `created_at` timestamp NULL DEFAULT NULL,
  `updated_at` timestamp NULL DEFAULT NULL,
  PRIMARY KEY (`id`)
) ENGINE=InnoDB AUTO_INCREMENT=2 DEFAULT CHARSET=utf8mb4 COLLATE=utf8mb4_unicode_ci;

--
-- Dumping data for table `permissions`
--

INSERT INTO `permissions` VALUES (1,'manage users','web','2020-12-20 04:57:16','2020-12-20 04:57:16');

--
-- Table structure for table `request`
--

CREATE TABLE `request` (
  `id` bigint(20) unsigned NOT NULL AUTO_INCREMENT,
  `deal_id` int(11) NOT NULL,
  `seller_id` int(11) NOT NULL,
  `buyer_id` int(11) NOT NULL,
  `status` varchar(255) COLLATE utf8mb4_unicode_ci NOT NULL DEFAULT 'PENDING',
  `created_at` timestamp NULL DEFAULT NULL,
  `updated_at` timestamp NULL DEFAULT NULL,
  PRIMARY KEY (`id`)
) ENGINE=InnoDB AUTO_INCREMENT=22 DEFAULT CHARSET=utf8mb4 COLLATE=utf8mb4_unicode_ci;

--
-- Dumping data for table `request`
--

INSERT INTO `request` VALUES (1,1,2,4,'APPROVED','2020-12-20 05:40:26','2020-12-21 20:52:05'),(2,1,2,2,'APPROVED','2020-12-21 14:53:03','2020-12-21 20:52:07'),(3,2,6,2,'APPROVED','2020-12-22 09:07:24','2020-12-22 15:26:17'),(4,12,6,2,'APPROVED','2020-12-22 19:48:21','2020-12-24 07:05:19'),(5,8,6,2,'APPROVED','2020-12-23 06:51:48','2020-12-24 07:05:18'),(6,16,6,2,'APPROVED','2020-12-23 06:52:05','2020-12-24 07:05:18'),(7,10,6,2,'APPROVED','2020-12-23 09:01:00','2020-12-24 07:05:17'),(8,11,6,2,'APPROVED','2020-12-23 09:01:08','2020-12-24 07:05:16'),(9,15,6,2,'APPROVED','2020-12-23 18:02:58','2020-12-24 07:05:15'),(10,20,6,2,'APPROVED','2020-12-24 07:53:42','2020-12-24 16:43:22'),(11,26,6,2,'APPROVED','2020-12-24 08:34:10','2020-12-24 16:43:22'),(12,1,2,9,'APPROVED','2020-12-24 11:19:35','2020-12-24 11:19:42'),(13,25,6,2,'APPROVED','2020-12-24 11:21:00','2020-12-24 16:43:22'),(14,33,6,2,'APPROVED','2020-12-29 07:15:39','2021-01-06 08:05:31'),(15,32,6,2,'APPROVED','2021-01-02 11:40:07','2021-01-06 08:05:31'),(16,72,6,2,'APPROVED','2021-01-03 11:31:06','2021-01-06 08:05:31'),(17,53,6,2,'APPROVED','2021-01-03 11:32:35','2021-01-06 08:05:31'),(18,2,6,6,'APPROVED','2021-01-14 16:40:04','2021-01-14 16:40:26'),(19,6,6,2,'PENDING','2021-01-19 12:47:36','2021-01-19 12:47:36'),(20,8,6,10,'PENDING','2021-01-26 19:59:04','2021-01-26 19:59:04'),(21,8,6,6,'PENDING','2021-01-27 14:10:01','2021-01-27 14:10:01');

--
-- Table structure for table `role_has_permissions`
--

CREATE TABLE `role_has_permissions` (
  `permission_id` bigint(20) unsigned NOT NULL,
  `role_id` bigint(20) unsigned NOT NULL,
  PRIMARY KEY (`permission_id`,`role_id`),
  KEY `role_has_permissions_role_id_foreign` (`role_id`),
  CONSTRAINT `role_has_permissions_permission_id_foreign` FOREIGN KEY (`permission_id`) REFERENCES `permissions` (`id`) ON DELETE CASCADE,
  CONSTRAINT `role_has_permissions_role_id_foreign` FOREIGN KEY (`role_id`) REFERENCES `roles` (`id`) ON DELETE CASCADE
) ENGINE=InnoDB DEFAULT CHARSET=utf8mb4 COLLATE=utf8mb4_unicode_ci;

--
-- Dumping data for table `role_has_permissions`
--

INSERT INTO `role_has_permissions` VALUES (1,1);

--
-- Table structure for table `roles`
--

CREATE TABLE `roles` (
  `id` bigint(20) unsigned NOT NULL AUTO_INCREMENT,
  `name` varchar(255) COLLATE utf8mb4_unicode_ci NOT NULL,
  `guard_name` varchar(255) COLLATE utf8mb4_unicode_ci NOT NULL,
  `created_at` timestamp NULL DEFAULT NULL,
  `updated_at` timestamp NULL DEFAULT NULL,
  PRIMARY KEY (`id`)
) ENGINE=InnoDB AUTO_INCREMENT=4 DEFAULT CHARSET=utf8mb4 COLLATE=utf8mb4_unicode_ci;

--
-- Dumping data for table `roles`
--

INSERT INTO `roles` VALUES (1,'admin','web','2020-12-20 04:57:16','2020-12-20 04:57:16'),(2,'seller','web','2020-12-20 04:57:16','2020-12-20 04:57:16'),(3,'buyer','web','2020-12-20 04:57:16','2020-12-20 04:57:16');

--
-- Table structure for table `tag`
--

CREATE TABLE `tag` (
  `id` bigint(20) unsigned NOT NULL AUTO_INCREMENT,
  `name` varchar(255) COLLATE utf8mb4_unicode_ci NOT NULL,
  `created_at` timestamp NULL DEFAULT NULL,
  `updated_at` timestamp NULL DEFAULT NULL,
  `deleted_at` timestamp NULL DEFAULT NULL,
  PRIMARY KEY (`id`),
  UNIQUE KEY `tag_name_unique` (`name`)
) ENGINE=InnoDB AUTO_INCREMENT=7 DEFAULT CHARSET=utf8mb4 COLLATE=utf8mb4_unicode_ci;

--
-- Dumping data for table `tag`
--

INSERT INTO `tag` VALUES (1,'Cheap','2020-12-20 04:57:16','2020-12-20 04:57:16',NULL),(2,'Costly','2020-12-20 04:57:16','2020-12-20 04:57:16',NULL),(3,'Best Selling','2020-12-20 04:57:16','2020-12-20 04:57:16',NULL),(4,'Important','2020-12-20 04:57:16','2020-12-20 04:57:16',NULL),(5,'Personal','2020-12-20 04:57:16','2020-12-20 04:57:16',NULL),(6,'Good Quality Keywords','2020-12-24 16:40:24','2020-12-24 16:40:24',NULL);


